Last updated on 2020-01-27 00:48:18 CET.
Flavor | Version | Tinstall | Tcheck | Ttotal | Status | Flags |
---|---|---|---|---|---|---|
r-devel-linux-x86_64-debian-clang | 2.1.2.2 | 490.15 | 60.02 | 550.17 | OK | |
r-devel-linux-x86_64-debian-gcc | 2.1.2.2 | 385.89 | 66.16 | 452.05 | OK | |
r-devel-linux-x86_64-fedora-clang | 2.1.2.2 | 850.38 | NOTE | |||
r-devel-linux-x86_64-fedora-gcc | 2.1.2.2 | 806.99 | OK | |||
r-devel-windows-ix86+x86_64 | 2.1.2.2 | 1193.00 | 168.00 | 1361.00 | OK | |
r-devel-windows-ix86+x86_64-gcc8 | 2.1.2.2 | 1351.00 | 152.00 | 1503.00 | OK | |
r-patched-linux-x86_64 | 2.1.2.2 | 486.78 | 74.35 | 561.13 | OK | |
r-patched-solaris-x86 | 2.1.2.2 | 786.20 | OK | |||
r-release-linux-x86_64 | 2.1.2.2 | 481.56 | 74.86 | 556.42 | OK | |
r-release-windows-ix86+x86_64 | 2.1.2.2 | 858.00 | 119.00 | 977.00 | OK | |
r-release-osx-x86_64 | 2.1.2.2 | NOTE | ||||
r-oldrel-windows-ix86+x86_64 | 2.1.2.2 | 847.00 | 114.00 | 961.00 | OK | |
r-oldrel-osx-x86_64 | 2.1.2.2 | NOTE |
Version: 2.1.2.2
Check: installed package size
Result: NOTE
installed size is 38.7Mb
sub-directories of 1Mb or more:
libs 37.8Mb
Flavors: r-devel-linux-x86_64-fedora-clang, r-release-osx-x86_64, r-oldrel-osx-x86_64