CRAN Package Check Results for Package Rmalschains

Last updated on 2020-01-27 00:48:18 CET.

Flavor Version Tinstall Tcheck Ttotal Status Flags
r-devel-linux-x86_64-debian-clang 0.2-6 119.47 26.23 145.70 OK
r-devel-linux-x86_64-debian-gcc 0.2-6 72.34 20.86 93.20 OK
r-devel-linux-x86_64-fedora-clang 0.2-6 235.28 NOTE
r-devel-linux-x86_64-fedora-gcc 0.2-6 172.42 OK
r-devel-windows-ix86+x86_64 0.2-6 328.00 90.00 418.00 OK
r-devel-windows-ix86+x86_64-gcc8 0.2-6 329.00 74.00 403.00 OK
r-patched-linux-x86_64 0.2-6 85.23 23.47 108.70 OK
r-patched-solaris-x86 0.2-6 166.90 OK
r-release-linux-x86_64 0.2-6 84.54 23.44 107.98 OK
r-release-windows-ix86+x86_64 0.2-6 236.00 63.00 299.00 OK
r-release-osx-x86_64 0.2-6 NOTE
r-oldrel-windows-ix86+x86_64 0.2-6 241.00 59.00 300.00 OK
r-oldrel-osx-x86_64 0.2-6 NOTE

Check Details

Version: 0.2-6
Check: installed package size
Result: NOTE
     installed size is 7.4Mb
     sub-directories of 1Mb or more:
     libs 7.2Mb
Flavors: r-devel-linux-x86_64-fedora-clang, r-release-osx-x86_64, r-oldrel-osx-x86_64