Last updated on 2020-01-27 00:48:18 CET.
Flavor | Version | Tinstall | Tcheck | Ttotal | Status | Flags |
---|---|---|---|---|---|---|
r-devel-linux-x86_64-debian-clang | 0.2.6 | 120.44 | 43.22 | 163.66 | OK | |
r-devel-linux-x86_64-debian-gcc | 0.2.6 | 91.97 | 34.39 | 126.36 | OK | |
r-devel-linux-x86_64-fedora-clang | 0.2.6 | 233.99 | NOTE | |||
r-devel-linux-x86_64-fedora-gcc | 0.2.6 | 228.82 | OK | |||
r-devel-windows-ix86+x86_64 | 0.2.6 | 289.00 | 116.00 | 405.00 | OK | |
r-devel-windows-ix86+x86_64-gcc8 | 0.2.6 | 316.00 | 130.00 | 446.00 | OK | |
r-patched-linux-x86_64 | 0.2.6 | 94.89 | 39.45 | 134.34 | OK | |
r-patched-solaris-x86 | 0.2.6 | 200.60 | OK | |||
r-release-linux-x86_64 | 0.2.6 | 104.59 | 39.43 | 144.02 | OK | |
r-release-windows-ix86+x86_64 | 0.2.6 | 219.00 | 85.00 | 304.00 | OK | |
r-release-osx-x86_64 | 0.2.6 | NOTE | ||||
r-oldrel-windows-ix86+x86_64 | 0.2.6 | 184.00 | 81.00 | 265.00 | OK | |
r-oldrel-osx-x86_64 | 0.2.6 | NOTE |
Version: 0.2.6
Check: installed package size
Result: NOTE
installed size is 7.5Mb
sub-directories of 1Mb or more:
libs 6.4Mb
Flavors: r-devel-linux-x86_64-fedora-clang, r-release-osx-x86_64, r-oldrel-osx-x86_64