CRAN Package Check Results for Package RiskPortfolios

Last updated on 2020-01-27 00:48:18 CET.

Flavor Version Tinstall Tcheck Ttotal Status Flags
r-devel-linux-x86_64-debian-clang 2.1.2 3.28 42.91 46.19 OK
r-devel-linux-x86_64-debian-gcc 2.1.2 2.62 30.98 33.60 OK
r-devel-linux-x86_64-fedora-clang 2.1.2 55.17 NOTE
r-devel-linux-x86_64-fedora-gcc 2.1.2 53.56 NOTE
r-devel-windows-ix86+x86_64 2.1.2 8.00 77.00 85.00 OK
r-devel-windows-ix86+x86_64-gcc8 2.1.2 9.00 63.00 72.00 OK
r-patched-linux-x86_64 2.1.2 2.46 37.20 39.66 OK
r-patched-solaris-x86 2.1.2 66.20 NOTE
r-release-linux-x86_64 2.1.2 2.81 37.28 40.09 OK
r-release-windows-ix86+x86_64 2.1.2 5.00 48.00 53.00 OK
r-release-osx-x86_64 2.1.2 NOTE
r-oldrel-windows-ix86+x86_64 2.1.2 3.00 44.00 47.00 OK
r-oldrel-osx-x86_64 2.1.2 NOTE

Check Details

Version: 2.1.2
Check: dependencies in R code
Result: NOTE
    Namespace in Imports field not imported from: ‘MASS’
     All declared Imports should be used.
Flavors: r-devel-linux-x86_64-fedora-clang, r-devel-linux-x86_64-fedora-gcc, r-patched-solaris-x86, r-release-osx-x86_64, r-oldrel-osx-x86_64