CRAN Package Check Results for Package Rgnuplot

Last updated on 2020-01-27 00:48:18 CET.

Flavor Version Tinstall Tcheck Ttotal Status Flags
r-devel-linux-x86_64-debian-clang 1.0.3 8.01 39.73 47.74 WARN
r-devel-linux-x86_64-debian-gcc 1.0.3 5.69 31.13 36.82 WARN
r-devel-linux-x86_64-fedora-clang 1.0.3 58.25 WARN
r-devel-linux-x86_64-fedora-gcc 1.0.3 56.28 WARN
r-devel-windows-ix86+x86_64 1.0.3 25.00 81.00 106.00 OK
r-devel-windows-ix86+x86_64-gcc8 1.0.3 14.00 80.00 94.00 OK
r-patched-linux-x86_64 1.0.3 6.48 36.66 43.14 OK
r-patched-solaris-x86 1.0.3 68.90 OK
r-release-linux-x86_64 1.0.3 5.77 36.39 42.16 OK
r-release-windows-ix86+x86_64 1.0.3 13.00 78.00 91.00 OK
r-release-osx-x86_64 1.0.3 ERROR
r-oldrel-windows-ix86+x86_64 1.0.3 9.00 54.00 63.00 OK
r-oldrel-osx-x86_64 1.0.3 ERROR

Check Details

Version: 1.0.3
Check: whether package can be installed
Result: WARN
    Found the following significant warnings:
     'config' variable 'CPP' is deprecated
Flavors: r-devel-linux-x86_64-debian-clang, r-devel-linux-x86_64-debian-gcc, r-devel-linux-x86_64-fedora-clang, r-devel-linux-x86_64-fedora-gcc

Version: 1.0.3
Check: compiled code
Result: NOTE
    File ‘Rgnuplot/libs/Rgnuplot.so’:
     Found no calls to: ‘R_registerRoutines’, ‘R_useDynamicSymbols’
    
    It is good practice to register native routines and to disable symbol
    search.
    
    See ‘Writing portable packages’ in the ‘Writing R Extensions’ manual.
Flavors: r-devel-linux-x86_64-fedora-clang, r-devel-linux-x86_64-fedora-gcc

Version: 1.0.3
Check: whether package can be installed
Result: ERROR
    Installation failed.
Flavors: r-release-osx-x86_64, r-oldrel-osx-x86_64