Last updated on 2020-01-27 00:48:17 CET.
Flavor | Version | Tinstall | Tcheck | Ttotal | Status | Flags |
---|---|---|---|---|---|---|
r-devel-linux-x86_64-debian-clang | 1.9.8 | 1189.79 | 104.38 | 1294.17 | OK | |
r-devel-linux-x86_64-debian-gcc | 1.9.8 | 857.03 | 79.75 | 936.78 | OK | |
r-devel-linux-x86_64-fedora-clang | 1.9.8 | 1836.17 | NOTE | |||
r-devel-linux-x86_64-fedora-gcc | 1.9.8 | 1751.08 | OK | |||
r-devel-windows-ix86+x86_64 | 1.9.8 | 2736.00 | 255.00 | 2991.00 | NOTE | |
r-devel-windows-ix86+x86_64-gcc8 | 1.9.8 | 3017.00 | 196.00 | 3213.00 | NOTE | |
r-patched-linux-x86_64 | 1.9.8 | 932.93 | 95.12 | 1028.05 | OK | |
r-patched-solaris-x86 | 1.9.8 | 1427.00 | NOTE | |||
r-release-linux-x86_64 | 1.9.8 | 925.99 | 94.17 | 1020.16 | OK | |
r-release-windows-ix86+x86_64 | 1.9.8 | 2025.00 | 178.00 | 2203.00 | NOTE | |
r-release-osx-x86_64 | 1.9.8 | NOTE | ||||
r-oldrel-windows-ix86+x86_64 | 1.9.8 | 1991.00 | 150.00 | 2141.00 | NOTE | |
r-oldrel-osx-x86_64 | 1.9.8 | NOTE |
Version: 1.9.8
Check: installed package size
Result: NOTE
installed size is 53.2Mb
sub-directories of 1Mb or more:
libs 51.9Mb
Flavors: r-devel-linux-x86_64-fedora-clang, r-devel-windows-ix86+x86_64, r-devel-windows-ix86+x86_64-gcc8, r-patched-solaris-x86, r-release-windows-ix86+x86_64, r-release-osx-x86_64, r-oldrel-windows-ix86+x86_64, r-oldrel-osx-x86_64