CRAN Package Check Results for Package Rdimtools

Last updated on 2020-01-27 00:48:17 CET.

Flavor Version Tinstall Tcheck Ttotal Status Flags
r-devel-linux-x86_64-debian-clang 0.4.2 0.99 2.14 3.13 ERROR
r-devel-linux-x86_64-debian-gcc 0.4.2 0.62 1.69 2.31 ERROR
r-devel-linux-x86_64-fedora-clang 0.4.2 2.56 ERROR
r-devel-linux-x86_64-fedora-gcc 0.4.2 2.41 ERROR
r-devel-windows-ix86+x86_64 0.4.2 366.00 591.00 957.00 OK
r-devel-windows-ix86+x86_64-gcc8 0.4.2 410.00 429.00 839.00 NOTE
r-patched-linux-x86_64 0.4.2 135.59 280.51 416.10 OK
r-patched-solaris-x86 0.4.2 664.30 OK
r-release-linux-x86_64 0.4.2 137.34 280.42 417.76 OK
r-release-windows-ix86+x86_64 0.4.2 261.00 406.00 667.00 OK
r-release-osx-x86_64 0.4.2 NOTE
r-oldrel-windows-ix86+x86_64 0.4.2 257.00 186.00 443.00 ERROR
r-oldrel-osx-x86_64 0.4.2 NOTE

Check Details

Version: 0.4.2
Check: package dependencies
Result: ERROR
    Package required but not available: 'CVXR'
    
    See section 'The DESCRIPTION file' in the 'Writing R Extensions'
    manual.
Flavors: r-devel-linux-x86_64-debian-clang, r-devel-linux-x86_64-debian-gcc, r-devel-linux-x86_64-fedora-clang, r-devel-linux-x86_64-fedora-gcc

Version: 0.4.2
Check: installed package size
Result: NOTE
     installed size is 5.1Mb
     sub-directories of 1Mb or more:
     libs 3.6Mb
Flavors: r-devel-windows-ix86+x86_64-gcc8, r-release-osx-x86_64, r-oldrel-osx-x86_64

Version: 0.4.2
Check: whether package can be installed
Result: ERROR
    Installation failed.
Flavor: r-oldrel-windows-ix86+x86_64