CRAN Package Check Results for Package RcppZiggurat

Last updated on 2020-01-27 00:48:17 CET.

Flavor Version Tinstall Tcheck Ttotal Status Flags
r-devel-linux-x86_64-debian-clang 0.1.5 22.29 38.04 60.33 OK
r-devel-linux-x86_64-debian-gcc 0.1.5 14.29 30.66 44.95 OK
r-devel-linux-x86_64-fedora-clang 0.1.5 77.37 NOTE
r-devel-linux-x86_64-fedora-gcc 0.1.5 75.39 NOTE
r-devel-windows-ix86+x86_64 0.1.5 67.00 117.00 184.00 OK
r-devel-windows-ix86+x86_64-gcc8 0.1.5 67.00 121.00 188.00 OK
r-patched-linux-x86_64 0.1.5 16.07 35.81 51.88 OK
r-patched-solaris-x86 0.1.5 86.10 OK
r-release-linux-x86_64 0.1.5 15.36 35.87 51.23 OK
r-release-windows-ix86+x86_64 0.1.5 45.00 83.00 128.00 OK
r-release-osx-x86_64 0.1.5 OK
r-oldrel-windows-ix86+x86_64 0.1.5 35.00 80.00 115.00 OK
r-oldrel-osx-x86_64 0.1.5 OK

Additional issues

LTO

Check Details

Version: 0.1.5
Check: top-level files
Result: NOTE
    ‘cleanup’: /bin/bash is not portable
Flavors: r-devel-linux-x86_64-fedora-clang, r-devel-linux-x86_64-fedora-gcc