CRAN Package Check Results for Package RcppAnnoy

Last updated on 2020-01-27 00:48:17 CET.

Flavor Version Tinstall Tcheck Ttotal Status Flags
r-devel-linux-x86_64-debian-clang 0.0.14 26.82 76.04 102.86 OK
r-devel-linux-x86_64-debian-gcc 0.0.14 25.08 56.29 81.37 OK
r-devel-linux-x86_64-fedora-clang 0.0.14 129.84 NOTE
r-devel-linux-x86_64-fedora-gcc 0.0.14 136.18 OK
r-devel-windows-ix86+x86_64 0.0.14 82.00 198.00 280.00 OK
r-devel-windows-ix86+x86_64-gcc8 0.0.14 78.00 152.00 230.00 OK
r-patched-linux-x86_64 0.0.14 25.38 68.41 93.79 OK
r-patched-solaris-x86 0.0.14 14.10 ERROR
r-release-linux-x86_64 0.0.14 24.64 67.38 92.02 OK
r-release-windows-ix86+x86_64 0.0.14 1.00 5.00 6.00 ERROR
r-release-osx-x86_64 0.0.14 NOTE
r-oldrel-windows-ix86+x86_64 0.0.14 51.00 133.00 184.00 OK
r-oldrel-osx-x86_64 0.0.14 NOTE

Additional issues

clang-UBSAN gcc-UBSAN

Check Details

Version: 0.0.14
Check: installed package size
Result: NOTE
     installed size is 5.2Mb
     sub-directories of 1Mb or more:
     libs 4.7Mb
Flavors: r-devel-linux-x86_64-fedora-clang, r-release-osx-x86_64, r-oldrel-osx-x86_64

Version: 0.0.14
Check: whether package can be installed
Result: ERROR
    Installation failed.
Flavors: r-patched-solaris-x86, r-release-windows-ix86+x86_64