CRAN Package Check Results for Package RcmdrPlugin.EZR

Last updated on 2020-01-27 00:48:17 CET.

Flavor Version Tinstall Tcheck Ttotal Status Flags
r-devel-linux-x86_64-debian-clang 1.41 45.91 190.06 235.97 OK
r-devel-linux-x86_64-debian-gcc 1.41 35.84 144.43 180.27 OK
r-devel-linux-x86_64-fedora-clang 1.41 292.82 OK
r-devel-linux-x86_64-fedora-gcc 1.41 299.85 OK
r-devel-windows-ix86+x86_64 1.41 98.00 242.00 340.00 OK
r-devel-windows-ix86+x86_64-gcc8 1.41 96.00 264.00 360.00 OK
r-patched-linux-x86_64 1.41 39.51 169.82 209.33 OK
r-patched-solaris-x86 1.41 416.80 OK
r-release-linux-x86_64 1.41 39.37 170.25 209.62 OK
r-release-windows-ix86+x86_64 1.41 74.00 152.00 226.00 OK
r-release-osx-x86_64 1.41 WARN
r-oldrel-windows-ix86+x86_64 1.41 55.00 145.00 200.00 OK
r-oldrel-osx-x86_64 1.41 WARN

Check Details

Version: 1.41
Check: dependencies in R code
Result: NOTE
    No protocol specified
    No protocol specified
Flavors: r-release-osx-x86_64, r-oldrel-osx-x86_64

Version: 1.41
Check: S3 generic/method consistency
Result: WARN
    No protocol specified
    No protocol specified
    See section ‘Generic functions and methods’ in the ‘Writing R
    Extensions’ manual.
Flavors: r-release-osx-x86_64, r-oldrel-osx-x86_64

Version: 1.41
Check: replacement functions
Result: WARN
    No protocol specified
    No protocol specified
    The argument of a replacement function which corresponds to the right
    hand side must be named ‘value’.
Flavors: r-release-osx-x86_64, r-oldrel-osx-x86_64

Version: 1.41
Check: foreign function calls
Result: NOTE
    No protocol specified
    No protocol specified
    See chapter ‘System and foreign language interfaces’ in the ‘Writing R
    Extensions’ manual.
Flavors: r-release-osx-x86_64, r-oldrel-osx-x86_64

Version: 1.41
Check: R code for possible problems
Result: NOTE
    No protocol specified
    No protocol specified
Flavors: r-release-osx-x86_64, r-oldrel-osx-x86_64

Version: 1.41
Check: for missing documentation entries
Result: WARN
    No protocol specified
    No protocol specified
    All user-level objects in a package should have documentation entries.
    See chapter ‘Writing R documentation files’ in the ‘Writing R
    Extensions’ manual.
Flavors: r-release-osx-x86_64, r-oldrel-osx-x86_64

Version: 1.41
Check: for code/documentation mismatches
Result: WARN
    No protocol specified
    No protocol specified
    No protocol specified
    No protocol specified
    No protocol specified
    No protocol specified
Flavors: r-release-osx-x86_64, r-oldrel-osx-x86_64

Version: 1.41
Check: Rd \usage sections
Result: NOTE
    No protocol specified
    No protocol specified
    The \usage entries for S3 methods should use the \method markup and not
    their full name.
    See chapter ‘Writing R documentation files’ in the ‘Writing R
    Extensions’ manual.
Flavors: r-release-osx-x86_64, r-oldrel-osx-x86_64