CRAN Package Check Results for Package Rcereal

Last updated on 2020-01-27 00:48:17 CET.

Flavor Version Tinstall Tcheck Ttotal Status Flags
r-devel-linux-x86_64-debian-clang 1.2.1 2.00 21.32 23.32 NOTE
r-devel-linux-x86_64-debian-gcc 1.2.1 1.64 17.10 18.74 NOTE
r-devel-linux-x86_64-fedora-clang 1.2.1 29.23 NOTE
r-devel-linux-x86_64-fedora-gcc 1.2.1 28.56 NOTE
r-devel-windows-ix86+x86_64 1.2.1 11.00 48.00 59.00 NOTE
r-devel-windows-ix86+x86_64-gcc8 1.2.1 7.00 45.00 52.00 NOTE
r-patched-linux-x86_64 1.2.1 1.39 19.45 20.84 NOTE
r-patched-solaris-x86 1.2.1 41.10 NOTE
r-release-linux-x86_64 1.2.1 1.67 19.57 21.24 NOTE
r-release-windows-ix86+x86_64 1.2.1 7.00 32.00 39.00 NOTE
r-release-osx-x86_64 1.2.1 NOTE
r-oldrel-windows-ix86+x86_64 1.2.1 3.00 34.00 37.00 OK
r-oldrel-osx-x86_64 1.2.1 OK

Check Details

Version: 1.2.1
Check: line endings in C/C++/Fortran sources/headers
Result: NOTE
    Found the following sources/headers not terminated with a newline:
     inst/include/cereal/types/memory.hpp
    Some compilers warn on such files.
Flavors: r-devel-linux-x86_64-debian-clang, r-devel-linux-x86_64-debian-gcc, r-devel-linux-x86_64-fedora-clang, r-devel-linux-x86_64-fedora-gcc, r-devel-windows-ix86+x86_64, r-devel-windows-ix86+x86_64-gcc8, r-patched-linux-x86_64, r-patched-solaris-x86, r-release-linux-x86_64, r-release-windows-ix86+x86_64, r-release-osx-x86_64