CRAN Package Check Results for Package Rblpapi

Last updated on 2020-01-27 00:48:17 CET.

Flavor Version Tinstall Tcheck Ttotal Status Flags
r-devel-linux-x86_64-debian-clang 0.3.10 138.49 29.86 168.35 NOTE
r-devel-linux-x86_64-debian-gcc 0.3.10 95.30 24.17 119.47 NOTE
r-devel-linux-x86_64-fedora-clang 0.3.10 251.46 NOTE
r-devel-linux-x86_64-fedora-gcc 0.3.10 232.59 NOTE
r-devel-windows-ix86+x86_64 0.3.10 382.00 175.00 557.00 NOTE
r-devel-windows-ix86+x86_64-gcc8 0.3.10 369.00 148.00 517.00 NOTE
r-patched-linux-x86_64 0.3.10 112.42 27.70 140.12 NOTE
r-release-linux-x86_64 0.3.10 110.88 27.30 138.18 NOTE
r-release-windows-ix86+x86_64 0.3.10 303.00 127.00 430.00 NOTE
r-release-osx-x86_64 0.3.10 NOTE
r-oldrel-windows-ix86+x86_64 0.3.10 257.00 129.00 386.00 NOTE
r-oldrel-osx-x86_64 0.3.10 NOTE

Check Details

Version: 0.3.10
Check: whether package can be installed
Result: NOTE
    Found the following notes/warnings:
     Non-staged installation was used
Flavors: r-devel-linux-x86_64-debian-clang, r-devel-linux-x86_64-debian-gcc, r-devel-linux-x86_64-fedora-clang, r-devel-linux-x86_64-fedora-gcc, r-devel-windows-ix86+x86_64, r-devel-windows-ix86+x86_64-gcc8, r-patched-linux-x86_64, r-release-linux-x86_64, r-release-windows-ix86+x86_64, r-release-osx-x86_64

Version: 0.3.10
Check: installed package size
Result: NOTE
     installed size is 15.4Mb
     sub-directories of 1Mb or more:
     blp 7.1Mb
     libs 7.4Mb
Flavors: r-devel-linux-x86_64-fedora-clang, r-devel-windows-ix86+x86_64, r-devel-windows-ix86+x86_64-gcc8, r-release-windows-ix86+x86_64, r-release-osx-x86_64, r-oldrel-windows-ix86+x86_64, r-oldrel-osx-x86_64

Version: 0.3.10
Check: top-level files
Result: NOTE
    ‘configure’: /bin/bash is not portable
Flavors: r-devel-linux-x86_64-fedora-clang, r-devel-linux-x86_64-fedora-gcc