CRAN Package Check Results for Package RankingProject

Last updated on 2020-01-27 00:48:17 CET.

Flavor Version Tinstall Tcheck Ttotal Status Flags
r-devel-linux-x86_64-debian-clang 0.1.1 2.76 115.44 118.20 WARN
r-devel-linux-x86_64-debian-gcc 0.1.1 2.10 96.16 98.26 WARN
r-devel-linux-x86_64-fedora-clang 0.1.1 155.69 WARN
r-devel-linux-x86_64-fedora-gcc 0.1.1 165.40 WARN
r-devel-windows-ix86+x86_64 0.1.1 10.00 582.00 592.00 OK
r-devel-windows-ix86+x86_64-gcc8 0.1.1 8.00 621.00 629.00 OK
r-patched-linux-x86_64 0.1.1 2.20 111.77 113.97 WARN
r-patched-solaris-x86 0.1.1 335.80 OK
r-release-linux-x86_64 0.1.1 2.00 111.88 113.88 WARN
r-release-windows-ix86+x86_64 0.1.1 7.00 404.00 411.00 OK
r-release-osx-x86_64 0.1.1 OK
r-oldrel-windows-ix86+x86_64 0.1.1 3.00 92.00 95.00 OK
r-oldrel-osx-x86_64 0.1.1 OK

Check Details

Version: 0.1.1
Check: re-building of vignette outputs
Result: WARN
    Error(s) in re-building vignettes:
     ...
    --- re-building 'intro.Rmd' using rmarkdown
    Achieved 'alphas' range from 0.0863 to 0.1708, with mean 0.1009
    Achieved 'alphas' range from 0.0863 to 0.1708, with mean 0.1009
    Achieved 'alphas' range from 0.0863 to 0.1708, with mean 0.1009
    Achieved 'alphas' range from 0.0863 to 0.1708, with mean 0.1009
    --- finished re-building 'intro.Rmd'
    
    --- re-building 'primer.Rmd' using rmarkdown
    Quitting from lines 74-82 (primer.Rmd)
    Error: processing vignette 'primer.Rmd' failed with diagnostics:
    Magick: no decode delegate for this image format `TEX' @ error/constitute.c/ReadImage/560
    --- failed re-building 'primer.Rmd'
    
    SUMMARY: processing the following file failed:
     'primer.Rmd'
    
    Error: Vignette re-building failed.
    Execution halted
Flavors: r-devel-linux-x86_64-debian-clang, r-patched-linux-x86_64

Version: 0.1.1
Check: re-building of vignette outputs
Result: WARN
    Error(s) in re-building vignettes:
     ...
    --- re-building ‘intro.Rmd’ using rmarkdown
    Achieved 'alphas' range from 0.0863 to 0.1708, with mean 0.1009
    Achieved 'alphas' range from 0.0863 to 0.1708, with mean 0.1009
    Achieved 'alphas' range from 0.0863 to 0.1708, with mean 0.1009
    Achieved 'alphas' range from 0.0863 to 0.1708, with mean 0.1009
    --- finished re-building ‘intro.Rmd’
    
    --- re-building ‘primer.Rmd’ using rmarkdown
    Quitting from lines 74-82 (primer.Rmd)
    Error: processing vignette 'primer.Rmd' failed with diagnostics:
    R: no decode delegate for this image format `TEX' @ error/constitute.c/ReadImage/560
    --- failed re-building ‘primer.Rmd’
    
    SUMMARY: processing the following file failed:
     ‘primer.Rmd’
    
    Error: Vignette re-building failed.
    Execution halted
Flavors: r-devel-linux-x86_64-debian-gcc, r-release-linux-x86_64

Version: 0.1.1
Check: re-building of vignette outputs
Result: WARN
    Error(s) in re-building vignettes:
    --- re-building ‘intro.Rmd’ using rmarkdown
    Achieved 'alphas' range from 0.0863 to 0.1708, with mean 0.1009
    Achieved 'alphas' range from 0.0863 to 0.1708, with mean 0.1009
    Achieved 'alphas' range from 0.0863 to 0.1708, with mean 0.1009
    Achieved 'alphas' range from 0.0863 to 0.1708, with mean 0.1009
    --- finished re-building ‘intro.Rmd’
    
    --- re-building ‘primer.Rmd’ using rmarkdown
    Quitting from lines 74-82 (primer.Rmd)
    Error: processing vignette 'primer.Rmd' failed with diagnostics:
    R: no decode delegate for this image format `TEX' @ error/constitute.c/ReadImage/556
    --- failed re-building ‘primer.Rmd’
    
    SUMMARY: processing the following file failed:
     ‘primer.Rmd’
    
    Error: Vignette re-building failed.
    Execution halted
Flavor: r-devel-linux-x86_64-fedora-clang

Version: 0.1.1
Check: re-building of vignette outputs
Result: WARN
    Error(s) in re-building vignettes:
    --- re-building ‘intro.Rmd’ using rmarkdown
    Achieved 'alphas' range from 0.0863 to 0.1708, with mean 0.1009
    Achieved 'alphas' range from 0.0863 to 0.1708, with mean 0.1009
    Achieved 'alphas' range from 0.0863 to 0.1708, with mean 0.1009
    Achieved 'alphas' range from 0.0863 to 0.1708, with mean 0.1009
    --- finished re-building ‘intro.Rmd’
    
    --- re-building ‘primer.Rmd’ using rmarkdown
    Quitting from lines 74-82 (primer.Rmd)
    Error: processing vignette 'primer.Rmd' failed with diagnostics:
    Magick: no decode delegate for this image format `TEX' @ error/constitute.c/ReadImage/566
    --- failed re-building ‘primer.Rmd’
    
    SUMMARY: processing the following file failed:
     ‘primer.Rmd’
    
    Error: Vignette re-building failed.
    Execution halted
Flavor: r-devel-linux-x86_64-fedora-gcc