CRAN Package Check Results for Package Rankcluster

Last updated on 2020-01-27 00:48:17 CET.

Flavor Version Tinstall Tcheck Ttotal Status Flags
r-devel-linux-x86_64-debian-clang 0.94.1 61.75 41.73 103.48 OK
r-devel-linux-x86_64-debian-gcc 0.94.1 45.51 33.19 78.70 OK
r-devel-linux-x86_64-fedora-clang 0.94.1 136.03 NOTE
r-devel-linux-x86_64-fedora-gcc 0.94.1 136.36 OK
r-devel-windows-ix86+x86_64 0.94.1 135.00 118.00 253.00 OK
r-devel-windows-ix86+x86_64-gcc8 0.94.1 142.00 86.00 228.00 OK
r-patched-linux-x86_64 0.94.1 48.17 38.50 86.67 OK
r-patched-solaris-x86 0.94.1 133.50 OK
r-release-linux-x86_64 0.94.1 47.07 38.58 85.65 OK
r-release-windows-ix86+x86_64 0.94.1 93.00 78.00 171.00 OK
r-release-osx-x86_64 0.94.1 OK
r-oldrel-windows-ix86+x86_64 0.94.1 84.00 62.00 146.00 OK
r-oldrel-osx-x86_64 0.94.1 OK

Check Details

Version: 0.94.1
Check: installed package size
Result: NOTE
     installed size is 5.5Mb
     sub-directories of 1Mb or more:
     libs 4.8Mb
Flavor: r-devel-linux-x86_64-fedora-clang