CRAN Package Check Results for Package RWBP

Last updated on 2020-01-27 00:48:22 CET.

Flavor Version Tinstall Tcheck Ttotal Status Flags
r-devel-linux-x86_64-debian-clang 1.0 2.24 27.14 29.38 NOTE
r-devel-linux-x86_64-debian-gcc 1.0 2.17 21.59 23.76 NOTE
r-devel-linux-x86_64-fedora-clang 1.0 36.55 NOTE
r-devel-linux-x86_64-fedora-gcc 1.0 35.52 NOTE
r-devel-windows-ix86+x86_64 1.0 10.00 59.00 69.00 NOTE
r-devel-windows-ix86+x86_64-gcc8 1.0 14.00 53.00 67.00 NOTE
r-patched-linux-x86_64 1.0 2.08 25.03 27.11 NOTE
r-patched-solaris-x86 1.0 55.30 NOTE
r-release-linux-x86_64 1.0 2.08 24.92 27.00 NOTE
r-release-windows-ix86+x86_64 1.0 5.00 39.00 44.00 NOTE
r-release-osx-x86_64 1.0 NOTE
r-oldrel-windows-ix86+x86_64 1.0 3.00 43.00 46.00 NOTE
r-oldrel-osx-x86_64 1.0 NOTE

Check Details

Version: 1.0
Check: R code for possible problems
Result: NOTE
    RWBP.default: no visible global function definition for 'na.omit'
    RWBP.default: no visible global function definition for 'kmeans'
    RWBP.formula: no visible global function definition for 'model.extract'
    plot.RWBP: no visible global function definition for 'plot'
    predict.RWBP: no visible global function definition for 'head'
    Undefined global functions or variables:
     head kmeans model.extract na.omit plot
    Consider adding
     importFrom("graphics", "plot")
     importFrom("stats", "kmeans", "model.extract", "na.omit")
     importFrom("utils", "head")
    to your NAMESPACE file.
Flavors: r-devel-linux-x86_64-debian-clang, r-devel-linux-x86_64-debian-gcc, r-devel-linux-x86_64-fedora-clang, r-devel-linux-x86_64-fedora-gcc, r-devel-windows-ix86+x86_64, r-devel-windows-ix86+x86_64-gcc8, r-patched-linux-x86_64, r-patched-solaris-x86, r-release-linux-x86_64, r-release-windows-ix86+x86_64, r-release-osx-x86_64, r-oldrel-windows-ix86+x86_64, r-oldrel-osx-x86_64