Last updated on 2020-01-27 00:48:22 CET.
Flavor | Version | Tinstall | Tcheck | Ttotal | Status | Flags |
---|---|---|---|---|---|---|
r-devel-linux-x86_64-debian-clang | 0.9-74 | 18.63 | 114.42 | 133.05 | OK | |
r-devel-linux-x86_64-debian-gcc | 0.9-74 | 16.21 | 85.18 | 101.39 | OK | |
r-devel-linux-x86_64-fedora-clang | 0.9-74 | 157.40 | OK | |||
r-devel-linux-x86_64-fedora-gcc | 0.9-74 | 154.28 | OK | |||
r-devel-windows-ix86+x86_64 | 0.9-74 | 47.00 | 185.00 | 232.00 | OK | |
r-devel-windows-ix86+x86_64-gcc8 | 0.9-74 | 47.00 | 180.00 | 227.00 | OK | |
r-patched-linux-x86_64 | 0.9-74 | 16.59 | 101.22 | 117.81 | OK | |
r-patched-solaris-x86 | 0.9-74 | 175.80 | OK | |||
r-release-linux-x86_64 | 0.9-74 | 16.58 | 100.49 | 117.07 | OK | |
r-release-windows-ix86+x86_64 | 0.9-74 | 26.00 | 126.00 | 152.00 | OK | |
r-release-osx-x86_64 | 0.9-74 | OK | ||||
r-oldrel-windows-ix86+x86_64 | 0.9-74 | 19.00 | 106.00 | 125.00 | OK | |
r-oldrel-osx-x86_64 | 0.9-74 | NOTE |
Version: 0.9-74
Check: dependencies in R code
Result: NOTE
No protocol specified
Flavor: r-oldrel-osx-x86_64