CRAN Package Check Results for Package RTest

Last updated on 2020-01-27 00:48:22 CET.

Flavor Version Tinstall Tcheck Ttotal Status Flags
r-devel-linux-x86_64-debian-clang 1.2.6 11.81 98.97 110.78 OK
r-devel-linux-x86_64-debian-gcc 1.2.6 9.17 75.49 84.66 OK
r-devel-linux-x86_64-fedora-clang 1.2.6 149.38 OK
r-devel-linux-x86_64-fedora-gcc 1.2.6 144.66 OK
r-devel-windows-ix86+x86_64 1.2.6 24.00 183.00 207.00 OK
r-devel-windows-ix86+x86_64-gcc8 1.2.6 38.00 180.00 218.00 OK
r-patched-linux-x86_64 1.2.6 9.68 86.77 96.45 OK
r-patched-solaris-x86 1.2.6 178.70 OK
r-release-linux-x86_64 1.2.6 9.36 87.72 97.08 OK
r-release-windows-ix86+x86_64 1.2.6 19.00 118.00 137.00 OK
r-release-osx-x86_64 1.2.6 ERROR
r-oldrel-windows-ix86+x86_64 1.2.6 14.00 122.00 136.00 OK
r-oldrel-osx-x86_64 1.2.6 ERROR

Check Details

Version: 1.2.6
Check: tests
Result: ERROR
     Running ‘run_test.R’ [7s/7s]
    Running the tests in ‘tests/run_test.R’ failed.
    Complete output:
     > all_files <- list.files("testthat",full.names=T,pattern="*.R$")
     >
     > sapply(all_files,source)
     Loading required package: magick
     Linking to ImageMagick 6.9.9.39
     Enabled features: cairo, fontconfig, freetype, lcms, pango, rsvg, webp
     Disabled features: fftw, ghostscript, x11
     Loading required package: XML
     Error: Test failed: 'RTestCollection write HTML summary errors'
     * `writeExecSummary.html(...)` produced warnings.
     * `writeExecSummary.html(...)` produced warnings.
     Execution halted
Flavor: r-release-osx-x86_64

Version: 1.2.6
Check: tests
Result: ERROR
     Running ‘run_test.R’ [8s/8s]
    Running the tests in ‘tests/run_test.R’ failed.
    Complete output:
     > all_files <- list.files("testthat",full.names=T,pattern="*.R$")
     >
     > sapply(all_files,source)
     Loading required package: magick
     Linking to ImageMagick 6.9.9.39
     Enabled features: cairo, fontconfig, freetype, lcms, pango, rsvg, webp
     Disabled features: fftw, ghostscript, x11
     Loading required package: XML
     Error: Test failed: 'RTestCollection write HTML summary errors'
     * `writeExecSummary.html(...)` produced warnings.
     * `writeExecSummary.html(...)` produced warnings.
     Execution halted
Flavor: r-oldrel-osx-x86_64