Last updated on 2020-01-27 00:48:19 CET.
Flavor | Version | Tinstall | Tcheck | Ttotal | Status | Flags |
---|---|---|---|---|---|---|
r-devel-linux-x86_64-debian-clang | 0.8 | 84.30 | 197.94 | 282.24 | WARN | |
r-devel-linux-x86_64-debian-gcc | 0.8 | 64.07 | 148.20 | 212.27 | WARN | |
r-devel-linux-x86_64-fedora-clang | 0.8 | 354.09 | OK | |||
r-devel-linux-x86_64-fedora-gcc | 0.8 | 347.41 | WARN | |||
r-devel-windows-ix86+x86_64 | 0.8 | 213.00 | 398.00 | 611.00 | OK | |
r-devel-windows-ix86+x86_64-gcc8 | 0.8 | 228.00 | 326.00 | 554.00 | OK | |
r-patched-linux-x86_64 | 0.8 | 64.49 | 178.29 | 242.78 | OK | |
r-patched-solaris-x86 | 0.8 | 412.20 | OK | |||
r-release-linux-x86_64 | 0.8 | 68.18 | 176.50 | 244.68 | OK | |
r-release-windows-ix86+x86_64 | 0.8 | 140.00 | 280.00 | 420.00 | OK | |
r-release-osx-x86_64 | 0.8 | OK | ||||
r-oldrel-windows-ix86+x86_64 | 0.8 | 129.00 | 253.00 | 382.00 | OK | |
r-oldrel-osx-x86_64 | 0.8 | OK |
Version: 0.8
Check: whether package can be installed
Result: WARN
Found the following significant warnings:
ssl.cpp:1134:4: warning: ignoring return value of function declared with 'warn_unused_result' attribute [-Wunused-result]
Flavor: r-devel-linux-x86_64-debian-clang
Version: 0.8
Check: whether package can be installed
Result: WARN
Found the following significant warnings:
ssl.cpp:1134:10: warning: ignoring return value of ‘int fscanf(FILE*, const char*, ...)’, declared with attribute warn_unused_result [-Wunused-result]
Flavors: r-devel-linux-x86_64-debian-gcc, r-devel-linux-x86_64-fedora-gcc