CRAN Package Check Results for Package RSQLite

Last updated on 2020-01-27 00:48:19 CET.

Flavor Version Tinstall Tcheck Ttotal Status Flags
r-devel-linux-x86_64-debian-clang 2.2.0 254.21 62.02 316.23 OK
r-devel-linux-x86_64-debian-gcc 2.2.0 144.93 46.08 191.01 OK
r-devel-linux-x86_64-fedora-clang 2.2.0 434.32 NOTE
r-devel-linux-x86_64-fedora-gcc 2.2.0 398.15 OK
r-devel-windows-ix86+x86_64 2.2.0 543.00 161.00 704.00 OK
r-devel-windows-ix86+x86_64-gcc8 2.2.0 607.00 159.00 766.00 NOTE
r-patched-linux-x86_64 2.2.0 165.07 54.31 219.38 OK
r-patched-solaris-x86 2.2.0 315.20 OK
r-release-linux-x86_64 2.2.0 173.49 52.59 226.08 OK
r-release-windows-ix86+x86_64 2.2.0 2.00 5.00 7.00 ERROR
r-release-osx-x86_64 2.2.0 NOTE
r-oldrel-windows-ix86+x86_64 2.2.0 327.00 108.00 435.00 OK
r-oldrel-osx-x86_64 2.2.0 NOTE

Check Details

Version: 2.2.0
Check: installed package size
Result: NOTE
     installed size is 14.2Mb
     sub-directories of 1Mb or more:
     libs 13.5Mb
Flavors: r-devel-linux-x86_64-fedora-clang, r-devel-windows-ix86+x86_64-gcc8, r-release-osx-x86_64, r-oldrel-osx-x86_64

Version: 2.2.0
Check: whether package can be installed
Result: ERROR
    Installation failed.
Flavor: r-release-windows-ix86+x86_64