CRAN Package Check Results for Package RRF

Last updated on 2020-01-27 00:48:18 CET.

Flavor Version Tinstall Tcheck Ttotal Status Flags
r-devel-linux-x86_64-debian-clang 1.9.1 7.73 31.73 39.46 WARN
r-devel-linux-x86_64-debian-gcc 1.9.1 5.86 25.04 30.90 OK
r-devel-linux-x86_64-fedora-clang 1.9.1 49.33 WARN
r-devel-linux-x86_64-fedora-gcc 1.9.1 47.36 OK
r-devel-windows-ix86+x86_64 1.9.1 24.00 72.00 96.00 OK
r-devel-windows-ix86+x86_64-gcc8 1.9.1 23.00 74.00 97.00 OK
r-patched-linux-x86_64 1.9.1 6.72 29.29 36.01 OK
r-patched-solaris-x86 1.9.1 64.60 OK
r-release-linux-x86_64 1.9.1 6.50 29.29 35.79 OK
r-release-windows-ix86+x86_64 1.9.1 17.00 55.00 72.00 OK
r-release-osx-x86_64 1.9.1 OK
r-oldrel-windows-ix86+x86_64 1.9.1 15.00 81.00 96.00 OK
r-oldrel-osx-x86_64 1.9.1 OK

Check Details

Version: 1.9.1
Check: whether package can be installed
Result: WARN
    Found the following significant warnings:
     rf.c:485:1: warning: expression result unused [-Wunused-value]
Flavors: r-devel-linux-x86_64-debian-clang, r-devel-linux-x86_64-fedora-clang