CRAN Package Check Results for Package RQuantLib

Last updated on 2020-01-27 00:48:18 CET.

Flavor Version Tinstall Tcheck Ttotal Status Flags
r-devel-linux-x86_64-debian-clang 0.4.11 678.38 55.06 733.44 OK
r-devel-linux-x86_64-debian-gcc 0.4.11 721.28 44.53 765.81 OK
r-devel-windows-ix86+x86_64 0.4.11 2706.00 243.00 2949.00 NOTE
r-devel-windows-ix86+x86_64-gcc8 0.4.11 2390.00 218.00 2608.00 NOTE
r-patched-linux-x86_64 0.4.11 813.45 53.08 866.53 OK
r-release-linux-x86_64 0.4.11 801.76 52.66 854.42 OK
r-release-windows-ix86+x86_64 0.4.11 2077.00 181.00 2258.00 NOTE
r-release-osx-x86_64 0.4.11 NOTE
r-oldrel-windows-ix86+x86_64 0.4.11 1595.00 183.00 1778.00 NOTE
r-oldrel-osx-x86_64 0.4.11 NOTE

Check Details

Version: 0.4.11
Check: installed package size
Result: NOTE
     installed size is 28.4Mb
     sub-directories of 1Mb or more:
     libs 27.8Mb
Flavors: r-devel-windows-ix86+x86_64, r-devel-windows-ix86+x86_64-gcc8, r-release-windows-ix86+x86_64, r-release-osx-x86_64, r-oldrel-windows-ix86+x86_64, r-oldrel-osx-x86_64

Version: 0.4.11
Check: dependencies in R code
Result: NOTE
    No protocol specified
Flavors: r-release-osx-x86_64, r-oldrel-osx-x86_64