CRAN Package Check Results for Package RProtoBuf

Last updated on 2020-01-27 00:48:18 CET.

Flavor Version Tinstall Tcheck Ttotal Status Flags
r-devel-linux-x86_64-debian-clang 0.4.14 260.64 131.05 391.69 OK
r-devel-linux-x86_64-debian-gcc 0.4.14 173.90 103.53 277.43 OK
r-devel-linux-x86_64-fedora-clang 0.4.14 552.10 WARN
r-devel-linux-x86_64-fedora-gcc 0.4.14 508.61 OK
r-devel-windows-ix86+x86_64 0.4.14 715.00 258.00 973.00 NOTE
r-devel-windows-ix86+x86_64-gcc8 0.4.14 671.00 247.00 918.00 NOTE
r-patched-linux-x86_64 0.4.14 202.79 122.06 324.85 OK
r-release-linux-x86_64 0.4.14 190.49 121.36 311.85 OK
r-release-windows-ix86+x86_64 0.4.14 551.00 193.00 744.00 NOTE
r-release-osx-x86_64 0.4.14 NOTE
r-oldrel-windows-ix86+x86_64 0.4.14 503.00 178.00 681.00 NOTE
r-oldrel-osx-x86_64 0.4.14 NOTE

Check Details

Version: 0.4.14
Check: whether package can be installed
Result: WARN
    Found the following significant warnings:
     wrapper_Message.cpp:149:25: warning: 'ByteSize' is deprecated: Please use ByteSizeLong() instead [-Wdeprecated-declarations]
     wrapper_Message.cpp:253:49: warning: 'ByteSize' is deprecated: Please use ByteSizeLong() instead [-Wdeprecated-declarations]
Flavor: r-devel-linux-x86_64-fedora-clang

Version: 0.4.14
Check: installed package size
Result: NOTE
     installed size is 10.8Mb
     sub-directories of 1Mb or more:
     doc 1.1Mb
     libs 8.7Mb
Flavors: r-devel-linux-x86_64-fedora-clang, r-devel-windows-ix86+x86_64, r-devel-windows-ix86+x86_64-gcc8, r-release-windows-ix86+x86_64, r-release-osx-x86_64, r-oldrel-windows-ix86+x86_64, r-oldrel-osx-x86_64