CRAN Package Check Results for Package RPESE

Last updated on 2020-01-27 00:48:18 CET.

Flavor Version Tinstall Tcheck Ttotal Status Flags
r-devel-linux-x86_64-debian-clang 1.0.1 4.44 44.10 48.54 OK
r-devel-linux-x86_64-debian-gcc 1.0.1 3.60 34.87 38.47 OK
r-devel-linux-x86_64-fedora-clang 1.0.1 59.68 NOTE
r-devel-linux-x86_64-fedora-gcc 1.0.1 58.84 NOTE
r-devel-windows-ix86+x86_64 1.0.1 23.00 81.00 104.00 OK
r-devel-windows-ix86+x86_64-gcc8 1.0.1 21.00 78.00 99.00 OK
r-patched-linux-x86_64 1.0.1 3.44 40.16 43.60 OK
r-patched-solaris-x86 1.0.1 80.60 NOTE
r-release-linux-x86_64 1.0.1 3.45 40.22 43.67 OK
r-release-windows-ix86+x86_64 1.0.1 10.00 55.00 65.00 OK
r-release-osx-x86_64 1.0.1 NOTE
r-oldrel-windows-ix86+x86_64 1.0.1 7.00 52.00 59.00 OK
r-oldrel-osx-x86_64 1.0.1 NOTE

Check Details

Version: 1.0.1
Check: dependencies in R code
Result: NOTE
    Namespace in Imports field not imported from: ‘robustbase’
     All declared Imports should be used.
Flavors: r-devel-linux-x86_64-fedora-clang, r-devel-linux-x86_64-fedora-gcc, r-patched-solaris-x86, r-release-osx-x86_64, r-oldrel-osx-x86_64