Last updated on 2020-01-27 00:48:18 CET.
Flavor | Version | Tinstall | Tcheck | Ttotal | Status | Flags |
---|---|---|---|---|---|---|
r-devel-linux-x86_64-debian-clang | 1.0.1 | 49.93 | 36.80 | 86.73 | OK | |
r-devel-linux-x86_64-debian-gcc | 1.0.1 | 31.03 | 29.77 | 60.80 | OK | |
r-devel-linux-x86_64-fedora-clang | 1.0.1 | 118.20 | NOTE | |||
r-devel-linux-x86_64-fedora-gcc | 1.0.1 | 104.15 | OK | |||
r-devel-windows-ix86+x86_64 | 1.0.1 | 133.00 | 92.00 | 225.00 | OK | |
r-devel-windows-ix86+x86_64-gcc8 | 1.0.1 | 131.00 | 102.00 | 233.00 | OK | |
r-patched-linux-x86_64 | 1.0.1 | 35.10 | 34.36 | 69.46 | OK | |
r-patched-solaris-x86 | 1.0.1 | 109.40 | OK | |||
r-release-linux-x86_64 | 1.0.1 | 34.81 | 34.50 | 69.31 | OK | |
r-release-windows-ix86+x86_64 | 1.0.1 | 86.00 | 63.00 | 149.00 | OK | |
r-release-osx-x86_64 | 1.0.1 | NOTE | ||||
r-oldrel-windows-ix86+x86_64 | 1.0.1 | 98.00 | 64.00 | 162.00 | OK | |
r-oldrel-osx-x86_64 | 1.0.1 | NOTE |
Version: 1.0.1
Check: installed package size
Result: NOTE
installed size is 6.4Mb
sub-directories of 1Mb or more:
libs 6.1Mb
Flavors: r-devel-linux-x86_64-fedora-clang, r-release-osx-x86_64, r-oldrel-osx-x86_64