CRAN Package Check Results for Package RPANDA

Last updated on 2020-01-27 00:48:18 CET.

Flavor Version Tinstall Tcheck Ttotal Status Flags
r-devel-linux-x86_64-debian-clang 1.7 41.89 264.12 306.01 OK
r-devel-linux-x86_64-debian-gcc 1.7 34.40 200.13 234.53 OK
r-devel-linux-x86_64-fedora-clang 1.7 362.70 OK
r-devel-linux-x86_64-fedora-gcc 1.7 370.41 OK
r-devel-windows-ix86+x86_64 1.7 75.00 517.00 592.00 OK
r-devel-windows-ix86+x86_64-gcc8 1.7 98.00 501.00 599.00 OK
r-patched-linux-x86_64 1.7 31.25 230.52 261.77 OK
r-patched-solaris-x86 1.7 431.00 OK
r-release-linux-x86_64 1.7 32.27 231.19 263.46 OK
r-release-windows-ix86+x86_64 1.7 52.00 331.00 383.00 OK
r-release-osx-x86_64 1.7 OK
r-oldrel-windows-ix86+x86_64 1.7 42.00 275.00 317.00 ERROR
r-oldrel-osx-x86_64 1.7 OK

Check Details

Version: 1.7
Check: whether package can be installed
Result: ERROR
    install log '' does not exist
Flavor: r-oldrel-windows-ix86+x86_64