CRAN Package Check Results for Package ROptEstOld

Last updated on 2020-01-27 00:48:18 CET.

Flavor Version Tinstall Tcheck Ttotal Status Flags
r-devel-linux-x86_64-debian-clang 1.2.0 31.66 102.54 134.20 OK
r-devel-linux-x86_64-debian-gcc 1.2.0 0.47 1.65 2.12 ERROR
r-devel-linux-x86_64-fedora-clang 1.2.0 167.47 OK
r-devel-linux-x86_64-fedora-gcc 1.2.0 163.88 OK
r-devel-windows-ix86+x86_64 1.2.0 66.00 162.00 228.00 OK
r-devel-windows-ix86+x86_64-gcc8 1.2.0 67.00 117.00 184.00 OK
r-patched-linux-x86_64 1.2.0 29.97 89.81 119.78 OK
r-patched-solaris-x86 1.2.0 207.40 OK
r-release-linux-x86_64 1.2.0 26.63 88.72 115.35 OK
r-release-windows-ix86+x86_64 1.2.0 51.00 105.00 156.00 OK
r-release-osx-x86_64 1.2.0 OK
r-oldrel-windows-ix86+x86_64 1.2.0 37.00 90.00 127.00 OK
r-oldrel-osx-x86_64 1.2.0 OK

Check Details

Version: 1.2.0
Check: package dependencies
Result: ERROR
    Packages required but not available: 'distr', 'distrEx', 'RandVar'
    
    See section ‘The DESCRIPTION file’ in the ‘Writing R Extensions’
    manual.
Flavor: r-devel-linux-x86_64-debian-gcc