Last updated on 2020-01-27 00:48:18 CET.
Flavor | Version | Tinstall | Tcheck | Ttotal | Status | Flags |
---|---|---|---|---|---|---|
r-devel-linux-x86_64-debian-clang | 4.1.0 | 7.87 | 64.48 | 72.35 | OK | |
r-devel-linux-x86_64-debian-gcc | 4.1.0 | 6.73 | 49.47 | 56.20 | OK | |
r-devel-linux-x86_64-fedora-clang | 4.1.0 | 84.79 | NOTE | |||
r-devel-linux-x86_64-fedora-gcc | 4.1.0 | 82.67 | OK | |||
r-devel-windows-ix86+x86_64 | 4.1.0 | 28.00 | 115.00 | 143.00 | OK | |
r-devel-windows-ix86+x86_64-gcc8 | 4.1.0 | 24.00 | 79.00 | 103.00 | OK | |
r-patched-linux-x86_64 | 4.1.0 | 6.80 | 57.21 | 64.01 | OK | |
r-patched-solaris-x86 | 4.1.0 | 109.00 | OK | |||
r-release-linux-x86_64 | 4.1.0 | 7.43 | 57.37 | 64.80 | OK | |
r-release-windows-ix86+x86_64 | 4.1.0 | 14.00 | 69.00 | 83.00 | OK | |
r-release-osx-x86_64 | 4.1.0 | OK | ||||
r-oldrel-windows-ix86+x86_64 | 4.1.0 | 8.00 | 71.00 | 79.00 | OK | |
r-oldrel-osx-x86_64 | 4.1.0 | OK |
Version: 4.1.0
Check: package dependencies
Result: NOTE
Suggests orphaned package: ‘Rmixmod’
Flavor: r-devel-linux-x86_64-fedora-clang