CRAN Package Check Results for Package RMixtComp

Last updated on 2020-01-27 00:48:18 CET.

Flavor Version Tinstall Tcheck Ttotal Status Flags
r-devel-linux-x86_64-debian-clang 4.1.0 7.09 75.33 82.42 OK
r-devel-linux-x86_64-debian-gcc 4.1.0 5.05 57.16 62.21 OK
r-devel-linux-x86_64-fedora-clang 4.1.0 96.20 NOTE
r-devel-linux-x86_64-fedora-gcc 4.1.0 93.60 OK
r-devel-windows-ix86+x86_64 4.1.0 24.00 120.00 144.00 OK
r-devel-windows-ix86+x86_64-gcc8 4.1.0 34.00 119.00 153.00 OK
r-patched-linux-x86_64 4.1.0 5.61 67.65 73.26 OK
r-patched-solaris-x86 4.1.0 125.00 OK
r-release-linux-x86_64 4.1.0 5.83 65.74 71.57 OK
r-release-windows-ix86+x86_64 4.1.0 14.00 83.00 97.00 OK
r-release-osx-x86_64 4.1.0 OK
r-oldrel-windows-ix86+x86_64 4.1.0 10.00 73.00 83.00 OK
r-oldrel-osx-x86_64 4.1.0 OK

Check Details

Version: 4.1.0
Check: package dependencies
Result: NOTE
    Suggests orphaned package: ‘Rmixmod’
Flavor: r-devel-linux-x86_64-fedora-clang