CRAN Package Check Results for Package RMTstat

Last updated on 2020-01-27 00:48:18 CET.

Flavor Version Tinstall Tcheck Ttotal Status Flags
r-devel-linux-x86_64-debian-clang 0.3 2.18 20.38 22.56 NOTE
r-devel-linux-x86_64-debian-gcc 0.3 1.71 16.52 18.23 NOTE
r-devel-linux-x86_64-fedora-clang 0.3 28.83 NOTE
r-devel-linux-x86_64-fedora-gcc 0.3 27.69 NOTE
r-devel-windows-ix86+x86_64 0.3 8.00 37.00 45.00 NOTE
r-devel-windows-ix86+x86_64-gcc8 0.3 6.00 41.00 47.00 NOTE
r-patched-linux-x86_64 0.3 1.79 19.26 21.05 NOTE
r-patched-solaris-x86 0.3 39.70 NOTE
r-release-linux-x86_64 0.3 1.75 19.17 20.92 NOTE
r-release-windows-ix86+x86_64 0.3 4.00 39.00 43.00 NOTE
r-release-osx-x86_64 0.3 NOTE
r-oldrel-windows-ix86+x86_64 0.3 2.00 28.00 30.00 NOTE
r-oldrel-osx-x86_64 0.3 NOTE

Check Details

Version: 0.3
Check: R code for possible problems
Result: NOTE
    dWishartSpike: no visible global function definition for 'dnorm'
    pWishartSpike: no visible global function definition for 'pnorm'
    qWishartSpike: no visible global function definition for 'qnorm'
    rWishartSpike: no visible global function definition for 'qnorm'
    rmp: no visible global function definition for 'runif'
    rtw: no visible global function definition for 'runif'
    Undefined global functions or variables:
     dnorm pnorm qnorm runif
    Consider adding
     importFrom("stats", "dnorm", "pnorm", "qnorm", "runif")
    to your NAMESPACE file.
Flavors: r-devel-linux-x86_64-debian-clang, r-devel-linux-x86_64-debian-gcc, r-devel-linux-x86_64-fedora-clang, r-devel-linux-x86_64-fedora-gcc, r-devel-windows-ix86+x86_64, r-devel-windows-ix86+x86_64-gcc8, r-patched-linux-x86_64, r-patched-solaris-x86, r-release-linux-x86_64, r-release-windows-ix86+x86_64, r-release-osx-x86_64, r-oldrel-windows-ix86+x86_64, r-oldrel-osx-x86_64