Last updated on 2020-01-27 00:48:17 CET.
Flavor | Version | Tinstall | Tcheck | Ttotal | Status | Flags |
---|---|---|---|---|---|---|
r-devel-linux-x86_64-debian-clang | 1.5-4 | 145.89 | 358.29 | 504.18 | NOTE | |
r-devel-linux-x86_64-debian-gcc | 1.5-4 | 133.57 | 256.05 | 389.62 | NOTE | |
r-devel-linux-x86_64-fedora-clang | 1.5-4 | 602.51 | NOTE | |||
r-devel-linux-x86_64-fedora-gcc | 1.5-4 | 617.47 | NOTE | |||
r-devel-windows-ix86+x86_64 | 1.5-4 | 293.00 | 552.00 | 845.00 | NOTE | |
r-devel-windows-ix86+x86_64-gcc8 | 1.5-4 | 312.00 | 550.00 | 862.00 | NOTE | |
r-patched-linux-x86_64 | 1.5-4 | 130.48 | 310.03 | 440.51 | NOTE | |
r-patched-solaris-x86 | 1.5-4 | 644.50 | NOTE | |||
r-release-linux-x86_64 | 1.5-4 | 143.77 | 306.05 | 449.82 | NOTE | |
r-release-windows-ix86+x86_64 | 1.5-4 | 248.00 | 380.00 | 628.00 | NOTE | |
r-release-osx-x86_64 | 1.5-4 | NOTE | ||||
r-oldrel-windows-ix86+x86_64 | 1.5-4 | 197.00 | 357.00 | 554.00 | NOTE | |
r-oldrel-osx-x86_64 | 1.5-4 | NOTE |
Version: 1.5-4
Check: package dependencies
Result: NOTE
Package suggested but not available for checking: 'rstanarm'
Flavors: r-devel-linux-x86_64-debian-clang, r-devel-linux-x86_64-debian-gcc, r-devel-linux-x86_64-fedora-clang, r-devel-linux-x86_64-fedora-gcc, r-patched-linux-x86_64, r-patched-solaris-x86, r-release-linux-x86_64
Version: 1.5-4
Check: for GNU extensions in Makefiles
Result: NOTE
GNU make is a SystemRequirements.
Flavors: r-devel-linux-x86_64-debian-clang, r-devel-linux-x86_64-debian-gcc, r-devel-linux-x86_64-fedora-clang, r-devel-linux-x86_64-fedora-gcc, r-devel-windows-ix86+x86_64, r-devel-windows-ix86+x86_64-gcc8, r-patched-linux-x86_64, r-patched-solaris-x86, r-release-linux-x86_64, r-release-windows-ix86+x86_64, r-release-osx-x86_64, r-oldrel-windows-ix86+x86_64, r-oldrel-osx-x86_64
Version: 1.5-4
Check: installed package size
Result: NOTE
installed size is 39.0Mb
sub-directories of 1Mb or more:
doc 2.7Mb
libs 35.2Mb
Flavors: r-devel-linux-x86_64-fedora-clang, r-devel-windows-ix86+x86_64, r-devel-windows-ix86+x86_64-gcc8, r-patched-solaris-x86, r-release-windows-ix86+x86_64, r-release-osx-x86_64, r-oldrel-windows-ix86+x86_64, r-oldrel-osx-x86_64