CRAN Package Check Results for Package RANN

Last updated on 2020-01-27 00:48:17 CET.

Flavor Version Tinstall Tcheck Ttotal Status Flags
r-devel-linux-x86_64-debian-clang 2.6.1 14.64 19.62 34.26 OK
r-devel-linux-x86_64-debian-gcc 2.6.1 8.79 15.57 24.36 OK
r-devel-linux-x86_64-fedora-clang 2.6.1 52.50 OK
r-devel-linux-x86_64-fedora-gcc 2.6.1 41.62 OK
r-devel-windows-ix86+x86_64 2.6.1 82.00 67.00 149.00 OK
r-devel-windows-ix86+x86_64-gcc8 2.6.1 50.00 53.00 103.00 OK
r-patched-linux-x86_64 2.6.1 10.49 17.87 28.36 OK
r-patched-solaris-x86 2.6.1 64.90 OK
r-release-linux-x86_64 2.6.1 9.65 17.84 27.49 OK
r-release-windows-ix86+x86_64 2.6.1 1.00 5.00 6.00 ERROR
r-release-osx-x86_64 2.6.1 OK
r-oldrel-windows-ix86+x86_64 2.6.1 30.00 43.00 73.00 OK
r-oldrel-osx-x86_64 2.6.1 OK

Check Details

Version: 2.6.1
Check: whether package can be installed
Result: ERROR
    Installation failed.
Flavor: r-release-windows-ix86+x86_64