CRAN Package Check Results for Package RAM

Last updated on 2020-01-27 00:48:17 CET.

Flavor Version Tinstall Tcheck Ttotal Status Flags
r-devel-linux-x86_64-debian-clang 1.2.1.7 21.98 178.78 200.76 OK
r-devel-linux-x86_64-debian-gcc 1.2.1.7 20.11 134.21 154.32 OK
r-devel-linux-x86_64-fedora-clang 1.2.1.7 250.11 WARN
r-devel-linux-x86_64-fedora-gcc 1.2.1.7 259.17 OK
r-devel-windows-ix86+x86_64 1.2.1.7 56.00 279.00 335.00 OK
r-devel-windows-ix86+x86_64-gcc8 1.2.1.7 67.00 208.00 275.00 OK
r-patched-linux-x86_64 1.2.1.7 18.66 158.81 177.47 OK
r-patched-solaris-x86 1.2.1.7 316.40 OK
r-release-linux-x86_64 1.2.1.7 20.26 158.25 178.51 OK
r-release-windows-ix86+x86_64 1.2.1.7 37.00 195.00 232.00 OK
r-release-osx-x86_64 1.2.1.7 NOTE
r-oldrel-windows-ix86+x86_64 1.2.1.7 32.00 166.00 198.00 OK
r-oldrel-osx-x86_64 1.2.1.7 NOTE

Check Details

Version: 1.2.1.7
Check: package dependencies
Result: WARN
    Requires orphaned package: ‘gplots’
Flavor: r-devel-linux-x86_64-fedora-clang

Version: 1.2.1.7
Check: package dependencies
Result: NOTE
    Package suggested but not available for checking: ‘Heatplus’
Flavors: r-release-osx-x86_64, r-oldrel-osx-x86_64

Version: 1.2.1.7
Check: Rd cross-references
Result: NOTE
    Package unavailable to check Rd xrefs: ‘Heatplus’
Flavors: r-release-osx-x86_64, r-oldrel-osx-x86_64