CRAN Package Check Results for Package R2GUESS

Last updated on 2020-01-27 00:48:16 CET.

Flavor Version Tinstall Tcheck Ttotal Status Flags
r-devel-linux-x86_64-debian-clang 2.0 52.59 126.04 178.63 WARN
r-devel-linux-x86_64-debian-gcc 2.0 41.91 96.81 138.72 WARN
r-devel-linux-x86_64-fedora-clang 2.0 247.39 NOTE
r-devel-linux-x86_64-fedora-gcc 2.0 217.98 WARN
r-devel-windows-ix86+x86_64 2.0 93.00 7.00 100.00 ERROR
r-devel-windows-ix86+x86_64-gcc8 2.0 137.00 8.00 145.00 ERROR
r-patched-linux-x86_64 2.0 43.03 109.56 152.59 OK
r-patched-solaris-x86 2.0 332.30 OK
r-release-linux-x86_64 2.0 42.82 106.50 149.32 OK
r-release-windows-ix86+x86_64 2.0 84.00 5.00 89.00 ERROR
r-release-osx-x86_64 2.0 WARN
r-oldrel-windows-ix86+x86_64 2.0 79.00 138.00 217.00 NOTE
r-oldrel-osx-x86_64 2.0 OK

Check Details

Version: 2.0
Check: whether package can be installed
Result: WARN
    Found the following significant warnings:
     Routines/xml_file_read.cc:154:4: warning: ignoring return value of function declared with 'warn_unused_result' attribute [-Wunused-result]
     Routines/xml_file_read.cc:243:4: warning: ignoring return value of function declared with 'warn_unused_result' attribute [-Wunused-result]
Flavor: r-devel-linux-x86_64-debian-clang

Version: 2.0
Check: whether package can be installed
Result: WARN
    Found the following significant warnings:
     Routines/xml_file_read.cc:154:9: warning: ignoring return value of ‘size_t fread(void*, size_t, size_t, FILE*)’, declared with attribute warn_unused_result [-Wunused-result]
     Routines/xml_file_read.cc:243:9: warning: ignoring return value of ‘size_t fread(void*, size_t, size_t, FILE*)’, declared with attribute warn_unused_result [-Wunused-result]
Flavors: r-devel-linux-x86_64-debian-gcc, r-devel-linux-x86_64-fedora-gcc

Version: 2.0
Check: installed package size
Result: NOTE
     installed size is 5.8Mb
     sub-directories of 1Mb or more:
     Output 2.2Mb
     bin 3.3Mb
Flavors: r-devel-linux-x86_64-fedora-clang, r-oldrel-windows-ix86+x86_64

Version: 2.0
Check: whether package can be installed
Result: ERROR
    Installation failed.
Flavors: r-devel-windows-ix86+x86_64, r-devel-windows-ix86+x86_64-gcc8, r-release-windows-ix86+x86_64

Version: 2.0
Check: whether package can be installed
Result: WARN
    Found the following significant warnings:
     Warning: package ‘mixOmics’ was built under R version 3.6.1
Flavor: r-release-osx-x86_64