CRAN Package Check Results for Package Quartet

Last updated on 2020-01-27 00:48:16 CET.

Flavor Version Tinstall Tcheck Ttotal Status Flags
r-devel-linux-x86_64-debian-clang 1.0.3 97.15 119.99 217.14 OK
r-devel-linux-x86_64-debian-gcc 1.0.3 59.18 94.02 153.20 OK
r-devel-linux-x86_64-fedora-clang 1.0.3 299.61 OK
r-devel-linux-x86_64-fedora-gcc 1.0.3 270.49 OK
r-devel-windows-ix86+x86_64 1.0.3 208.00 316.00 524.00 WARN
r-devel-windows-ix86+x86_64-gcc8 1.0.3 283.00 260.00 543.00 WARN
r-patched-linux-x86_64 1.0.3 69.08 107.94 177.02 OK
r-patched-solaris-x86 1.0.3 298.00 OK
r-release-linux-x86_64 1.0.3 69.68 108.58 178.26 OK
r-release-windows-ix86+x86_64 1.0.3 189.00 216.00 405.00 WARN
r-release-osx-x86_64 1.0.3 OK
r-oldrel-windows-ix86+x86_64 1.0.3 187.00 199.00 386.00 WARN
r-oldrel-osx-x86_64 1.0.3 OK

Check Details

Version: 1.0.3
Check: re-building of vignette outputs
Result: WARN
    Error(s) in re-building vignettes:
    --- re-building 'Critical-distances.Rmd' using rmarkdown
    ! Package pdftex.def Error: File `D:/RCompile/CRANpkg/local/4.0/Quartet.Rcheck/
    vign_test/Quartet/vignettes/Critical-distances_files/figure-latex/Plot\%20trees
    -1.pdf' not found.
    
    Error: processing vignette 'Critical-distances.Rmd' failed with diagnostics:
    LaTeX failed to compile D:/RCompile/CRANpkg/local/4.0/Quartet.Rcheck/vign_test/Quartet/vignettes/Critical-distances.tex. See https://yihui.org/tinytex/r/#debugging for debugging tips. See Critical-distances.log for more info.
    --- failed re-building 'Critical-distances.Rmd'
    
    --- re-building 'Tree-distance-metrics.Rmd' using rmarkdown
    Warning: Package amsmath Warning: Foreign command \atopwithdelims;
    (amsmath) \frac or \genfrac should be used instead
    (amsmath) on input line 149.
    --- finished re-building 'Tree-distance-metrics.Rmd'
    
    SUMMARY: processing the following file failed:
     'Critical-distances.Rmd'
    
    Error: Vignette re-building failed.
    Execution halted
Flavor: r-devel-windows-ix86+x86_64

Version: 1.0.3
Check: re-building of vignette outputs
Result: WARN
    Error(s) in re-building vignettes:
    --- re-building 'Critical-distances.Rmd' using rmarkdown
    ! Package pdftex.def Error: File `D:/RCompile/CRANpkg/local/4.0gcc8/Quartet.Rch
    eck/vign_test/Quartet/vignettes/Critical-distances_files/figure-latex/Plot\%20t
    rees-1.pdf' not found.
    
    Error: processing vignette 'Critical-distances.Rmd' failed with diagnostics:
    LaTeX failed to compile D:/RCompile/CRANpkg/local/4.0gcc8/Quartet.Rcheck/vign_test/Quartet/vignettes/Critical-distances.tex. See https://yihui.org/tinytex/r/#debugging for debugging tips. See Critical-distances.log for more info.
    --- failed re-building 'Critical-distances.Rmd'
    
    --- re-building 'Tree-distance-metrics.Rmd' using rmarkdown
    Warning: Package amsmath Warning: Foreign command \atopwithdelims;
    (amsmath) \frac or \genfrac should be used instead
    (amsmath) on input line 149.
    --- finished re-building 'Tree-distance-metrics.Rmd'
    
    SUMMARY: processing the following file failed:
     'Critical-distances.Rmd'
    
    Error: Vignette re-building failed.
    Execution halted
Flavor: r-devel-windows-ix86+x86_64-gcc8

Version: 1.0.3
Check: re-building of vignette outputs
Result: WARN
    Error(s) in re-building vignettes:
    --- re-building 'Critical-distances.Rmd' using rmarkdown
    ! Package pdftex.def Error: File `d:/RCompile/CRANpkg/local/3.6/Quartet.Rcheck/
    vign_test/Quartet/vignettes/Critical-distances_files/figure-latex/Plot\%20trees
    -1.pdf' not found.
    
    Error: processing vignette 'Critical-distances.Rmd' failed with diagnostics:
    LaTeX failed to compile d:/RCompile/CRANpkg/local/3.6/Quartet.Rcheck/vign_test/Quartet/vignettes/Critical-distances.tex. See https://yihui.org/tinytex/r/#debugging for debugging tips. See Critical-distances.log for more info.
    --- failed re-building 'Critical-distances.Rmd'
    
    --- re-building 'Tree-distance-metrics.Rmd' using rmarkdown
    Warning: Package amsmath Warning: Foreign command \atopwithdelims;
    (amsmath) \frac or \genfrac should be used instead
    (amsmath) on input line 149.
    --- finished re-building 'Tree-distance-metrics.Rmd'
    
    SUMMARY: processing the following file failed:
     'Critical-distances.Rmd'
    
    Error: Vignette re-building failed.
    Execution halted
Flavor: r-release-windows-ix86+x86_64

Version: 1.0.3
Check: re-building of vignette outputs
Result: WARN
    Error in re-building vignettes:
     ...
    ! Package pdftex.def Error: File `d:/RCompile/CRANpkg/local/3.5/Quartet.Rcheck/
    vign_test/Quartet/vignettes/Critical-distances_files/figure-latex/Plot\%20trees
    -1.pdf' not found.
    
    Error: processing vignette 'Critical-distances.Rmd' failed with diagnostics:
    LaTeX failed to compile d:/RCompile/CRANpkg/local/3.5/Quartet.Rcheck/vign_test/Quartet/vignettes/Critical-distances.tex. See https://yihui.org/tinytex/r/#debugging for debugging tips. See Critical-distances.log for more info.
    Execution halted
Flavor: r-oldrel-windows-ix86+x86_64