CRAN Package Check Results for Package QuantTools

Last updated on 2020-01-27 00:48:16 CET.

Flavor Version Tinstall Tcheck Ttotal Status Flags
r-devel-linux-x86_64-debian-clang 0.5.7 137.92 48.33 186.25 NOTE
r-devel-linux-x86_64-debian-gcc 0.5.7 89.71 37.12 126.83 NOTE
r-devel-linux-x86_64-fedora-clang 0.5.7 268.82 NOTE
r-devel-linux-x86_64-fedora-gcc 0.5.7 237.33 NOTE
r-devel-windows-ix86+x86_64 0.5.7 282.00 115.00 397.00 NOTE
r-devel-windows-ix86+x86_64-gcc8 0.5.7 369.00 93.00 462.00 NOTE
r-patched-linux-x86_64 0.5.7 107.70 43.82 151.52 NOTE
r-patched-solaris-x86 0.5.7 228.00 NOTE
r-release-linux-x86_64 0.5.7 108.24 43.67 151.91 NOTE
r-release-windows-ix86+x86_64 0.5.7 245.00 77.00 322.00 NOTE
r-release-osx-x86_64 0.5.7 NOTE
r-oldrel-windows-ix86+x86_64 0.5.7 248.00 73.00 321.00 NOTE
r-oldrel-osx-x86_64 0.5.7 NOTE

Check Details

Version: 0.5.7
Check: line endings in C/C++/Fortran sources/headers
Result: NOTE
    Found the following sources/headers with CR or CRLF line endings:
     inst/include/BackTest.h
    Some Unix compilers require LF line endings.
Flavors: r-devel-linux-x86_64-debian-clang, r-devel-linux-x86_64-debian-gcc, r-devel-linux-x86_64-fedora-clang, r-devel-linux-x86_64-fedora-gcc, r-devel-windows-ix86+x86_64, r-devel-windows-ix86+x86_64-gcc8, r-patched-linux-x86_64, r-patched-solaris-x86, r-release-linux-x86_64, r-release-windows-ix86+x86_64, r-release-osx-x86_64

Version: 0.5.7
Check: installed package size
Result: NOTE
     installed size is 10.4Mb
     sub-directories of 1Mb or more:
     data 4.5Mb
     libs 5.2Mb
Flavors: r-devel-linux-x86_64-fedora-clang, r-devel-windows-ix86+x86_64, r-devel-windows-ix86+x86_64-gcc8, r-patched-solaris-x86, r-release-windows-ix86+x86_64, r-release-osx-x86_64, r-oldrel-windows-ix86+x86_64, r-oldrel-osx-x86_64