CRAN Package Check Results for Package QTOCen

Last updated on 2020-01-27 00:48:16 CET.

Flavor Version Tinstall Tcheck Ttotal Status Flags
r-devel-linux-x86_64-debian-clang 0.1.1 8.88 103.96 112.84 OK
r-devel-linux-x86_64-debian-gcc 0.1.1 7.55 80.75 88.30 OK
r-devel-linux-x86_64-fedora-clang 0.1.1 135.53 NOTE
r-devel-linux-x86_64-fedora-gcc 0.1.1 135.54 NOTE
r-devel-windows-ix86+x86_64 0.1.1 26.00 164.00 190.00 OK
r-devel-windows-ix86+x86_64-gcc8 0.1.1 24.00 119.00 143.00 OK
r-patched-linux-x86_64 0.1.1 7.07 90.76 97.83 OK
r-patched-solaris-x86 0.1.1 170.50 NOTE
r-release-linux-x86_64 0.1.1 6.18 91.39 97.57 OK
r-release-windows-ix86+x86_64 0.1.1 15.00 108.00 123.00 OK
r-release-osx-x86_64 0.1.1 NOTE
r-oldrel-windows-ix86+x86_64 0.1.1 9.00 96.00 105.00 OK
r-oldrel-osx-x86_64 0.1.1 NOTE

Check Details

Version: 0.1.1
Check: dependencies in R code
Result: NOTE
    Namespace in Imports field not imported from: ‘MatrixModels’
     All declared Imports should be used.
Flavors: r-devel-linux-x86_64-fedora-clang, r-devel-linux-x86_64-fedora-gcc, r-patched-solaris-x86, r-release-osx-x86_64, r-oldrel-osx-x86_64