CRAN Package Check Results for Package ProcMod

Last updated on 2020-01-27 00:48:13 CET.

Flavor Version Tinstall Tcheck Ttotal Status Flags
r-devel-linux-x86_64-debian-clang 1.0.3 4.33 80.66 84.99 OK
r-devel-linux-x86_64-debian-gcc 1.0.3 3.17 59.79 62.96 OK
r-devel-linux-x86_64-fedora-clang 1.0.3 96.71 NOTE
r-devel-linux-x86_64-fedora-gcc 1.0.3 93.92 NOTE
r-devel-windows-ix86+x86_64 1.0.3 12.00 142.00 154.00 OK
r-devel-windows-ix86+x86_64-gcc8 1.0.3 12.00 129.00 141.00 OK
r-patched-linux-x86_64 1.0.3 3.30 68.86 72.16 OK
r-patched-solaris-x86 1.0.3 115.00 NOTE
r-release-linux-x86_64 1.0.3 3.50 71.04 74.54 OK
r-release-windows-ix86+x86_64 1.0.3 7.00 87.00 94.00 OK
r-release-osx-x86_64 1.0.3 NOTE
r-oldrel-windows-ix86+x86_64 1.0.3 31.00 79.00 110.00 OK
r-oldrel-osx-x86_64 1.0.3 NOTE

Check Details

Version: 1.0.3
Check: dependencies in R code
Result: NOTE
    Namespaces in Imports field not imported from:
     ‘expm’ ‘mvtnorm’
     All declared Imports should be used.
Flavors: r-devel-linux-x86_64-fedora-clang, r-devel-linux-x86_64-fedora-gcc, r-patched-solaris-x86, r-release-osx-x86_64, r-oldrel-osx-x86_64