CRAN Package Check Results for Package PowerfulMaxEigenpair

Last updated on 2020-01-27 00:48:13 CET.

Flavor Version Tinstall Tcheck Ttotal Status Flags
r-devel-linux-x86_64-debian-clang 0.1.1 2.08 107.47 109.55 OK
r-devel-linux-x86_64-debian-gcc 0.1.1 1.65 88.53 90.18 OK
r-devel-linux-x86_64-fedora-clang 0.1.1 144.98 OK
r-devel-linux-x86_64-fedora-gcc 0.1.1 138.92 OK
r-devel-windows-ix86+x86_64 0.1.1 10.00 155.00 165.00 OK
r-devel-windows-ix86+x86_64-gcc8 0.1.1 8.00 156.00 164.00 OK
r-patched-linux-x86_64 0.1.1 1.82 117.97 119.79 OK
r-patched-solaris-x86 0.1.1 124.70 WARN
r-release-linux-x86_64 0.1.1 1.68 124.36 126.04 OK
r-release-windows-ix86+x86_64 0.1.1 5.00 120.00 125.00 OK
r-release-osx-x86_64 0.1.1 OK
r-oldrel-osx-x86_64 0.1.1 ERROR

Check Details

Version: 0.1.1
Check: re-building of vignette outputs
Result: WARN
    Error(s) in re-building vignettes:
     ...
    --- re-building ‘Powerful_MaxEigenpair.Rmd’ using knitr
    Quitting from lines 208-221 (Powerful_MaxEigenpair.Rmd)
    Error: processing vignette 'Powerful_MaxEigenpair.Rmd' failed with diagnostics:
    cannot allocate vector of size 1.7 Gb
    --- failed re-building ‘Powerful_MaxEigenpair.Rmd’
    
    SUMMARY: processing the following file failed:
     ‘Powerful_MaxEigenpair.Rmd’
    
    Error: Vignette re-building failed.
    Execution halted
Flavor: r-patched-solaris-x86

Version: 0.1.1
Check: whether package can be installed
Result: ERROR
    Installation failed.
Flavor: r-oldrel-osx-x86_64