Last updated on 2020-01-27 00:48:13 CET.
Flavor | Version | Tinstall | Tcheck | Ttotal | Status | Flags |
---|---|---|---|---|---|---|
r-devel-linux-x86_64-debian-clang | 1.4-9 | 14.11 | 780.81 | 794.92 | WARN | |
r-devel-linux-x86_64-debian-gcc | 1.4-9 | 12.56 | 626.32 | 638.88 | OK | |
r-devel-linux-x86_64-fedora-clang | 1.4-9 | 1060.51 | OK | |||
r-devel-linux-x86_64-fedora-gcc | 1.4-9 | 987.46 | OK | |||
r-devel-windows-ix86+x86_64 | 1.4-9 | 32.00 | 132.00 | 164.00 | OK | --no-vignettes |
r-devel-windows-ix86+x86_64-gcc8 | 1.4-9 | 32.00 | 155.00 | 187.00 | OK | --no-vignettes |
r-patched-linux-x86_64 | 1.4-9 | 11.19 | 759.83 | 771.02 | WARN | |
r-patched-solaris-x86 | 1.4-9 | 1758.20 | OK | |||
r-release-linux-x86_64 | 1.4-9 | 12.74 | 762.60 | 775.34 | WARN | |
r-release-windows-ix86+x86_64 | 1.4-9 | 17.00 | 194.00 | 211.00 | OK | --no-vignettes |
r-release-osx-x86_64 | 1.4-9 | OK | ||||
r-oldrel-windows-ix86+x86_64 | 1.4-9 | 20.00 | 135.00 | 155.00 | OK | --no-vignettes |
r-oldrel-osx-x86_64 | 1.4-9 | OK |
Version: 1.4-9
Check: re-building of vignette outputs
Result: WARN
Error(s) in re-building vignettes:
...
--- re-building 'ABE.Rmd' using rmarkdown
--- finished re-building 'ABE.Rmd'
--- re-building 'DP.Rmd' using rmarkdown
--- finished re-building 'DP.Rmd'
--- re-building 'NI.Rmd' using rmarkdown
--- finished re-building 'NI.Rmd'
--- re-building 'PA.Rmd' using rmarkdown
--- finished re-building 'PA.Rmd'
--- re-building 'RSABE.Rmd' using rmarkdown
Killed
--- re-building 'vignette.Rmd' using rmarkdown
--- finished re-building 'vignette.Rmd'
SUMMARY: processing the following file failed:
'RSABE.Rmd'
Error: Vignette re-building failed.
Execution halted
Flavors: r-devel-linux-x86_64-debian-clang, r-patched-linux-x86_64, r-release-linux-x86_64