Last updated on 2020-01-27 00:48:13 CET.
Flavor | Version | Tinstall | Tcheck | Ttotal | Status | Flags |
---|---|---|---|---|---|---|
r-devel-linux-x86_64-debian-clang | 0.1.0 | 4.27 | 581.27 | 585.54 | OK | |
r-devel-linux-x86_64-debian-gcc | 0.1.0 | 2.83 | 434.46 | 437.29 | OK | |
r-devel-linux-x86_64-fedora-clang | 0.1.0 | 681.53 | NOTE | |||
r-devel-linux-x86_64-fedora-gcc | 0.1.0 | 731.72 | NOTE | |||
r-devel-windows-ix86+x86_64 | 0.1.0 | 18.00 | 59.00 | 77.00 | OK | |
r-devel-windows-ix86+x86_64-gcc8 | 0.1.0 | 14.00 | 61.00 | 75.00 | OK | |
r-patched-linux-x86_64 | 0.1.0 | 2.83 | 571.68 | 574.51 | OK | |
r-patched-solaris-x86 | 0.1.0 | 1251.30 | NOTE | |||
r-release-linux-x86_64 | 0.1.0 | 3.68 | 590.64 | 594.32 | OK | |
r-release-windows-ix86+x86_64 | 0.1.0 | 8.00 | 39.00 | 47.00 | OK | |
r-release-osx-x86_64 | 0.1.0 | NOTE | ||||
r-oldrel-windows-ix86+x86_64 | 0.1.0 | 4.00 | 40.00 | 44.00 | OK | |
r-oldrel-osx-x86_64 | 0.1.0 | NOTE |
Version: 0.1.0
Check: dependencies in R code
Result: NOTE
Namespaces in Imports field not imported from:
‘Rcpp’ ‘StanHeaders’ ‘dplyr’ ‘ggplot2’ ‘gridExtra’ ‘rstan’ ‘tibble’
All declared Imports should be used.
Flavors: r-devel-linux-x86_64-fedora-clang, r-devel-linux-x86_64-fedora-gcc, r-patched-solaris-x86, r-release-osx-x86_64, r-oldrel-osx-x86_64