CRAN Package Check Results for Package PortfolioOptim

Last updated on 2020-01-27 00:48:13 CET.

Flavor Version Tinstall Tcheck Ttotal Status Flags
r-devel-linux-x86_64-debian-clang 1.1.1 2.93 24.46 27.39 OK
r-devel-linux-x86_64-debian-gcc 1.1.1 1.85 19.37 21.22 OK
r-devel-linux-x86_64-fedora-clang 1.1.1 33.88 OK
r-devel-linux-x86_64-fedora-gcc 1.1.1 32.71 OK
r-devel-windows-ix86+x86_64 1.1.1 8.00 51.00 59.00 OK
r-devel-windows-ix86+x86_64-gcc8 1.1.1 8.00 39.00 47.00 OK
r-patched-linux-x86_64 1.1.1 2.40 22.31 24.71 OK
r-release-linux-x86_64 1.1.1 1.81 22.47 24.28 OK
r-release-windows-ix86+x86_64 1.1.1 5.00 34.00 39.00 OK
r-release-osx-x86_64 1.1.1 ERROR
r-oldrel-windows-ix86+x86_64 1.1.1 3.00 33.00 36.00 OK
r-oldrel-osx-x86_64 1.1.1 ERROR

Check Details

Version: 1.1.1
Check: package dependencies
Result: ERROR
    Package required but not available: ‘Rsymphony’
    
    See section ‘The DESCRIPTION file’ in the ‘Writing R Extensions’
    manual.
Flavors: r-release-osx-x86_64, r-oldrel-osx-x86_64