CRAN Package Check Results for Package PortfolioEffectHFT

Last updated on 2020-01-27 00:48:13 CET.

Flavor Version Tinstall Tcheck Ttotal Status Flags
r-devel-linux-x86_64-debian-clang 1.8 13.68 79.84 93.52 OK
r-devel-linux-x86_64-debian-gcc 1.8 10.87 60.08 70.95 OK
r-devel-linux-x86_64-fedora-clang 1.8 111.88 NOTE
r-devel-linux-x86_64-fedora-gcc 1.8 109.09 OK
r-devel-windows-ix86+x86_64 1.8 29.00 136.00 165.00 NOTE
r-devel-windows-ix86+x86_64-gcc8 1.8 44.00 97.00 141.00 NOTE
r-patched-linux-x86_64 1.8 11.01 69.17 80.18 OK
r-patched-solaris-x86 1.8 136.00 NOTE
r-release-linux-x86_64 1.8 10.59 69.34 79.93 OK
r-release-windows-ix86+x86_64 1.8 23.00 95.00 118.00 NOTE
r-release-osx-x86_64 1.8 NOTE
r-oldrel-windows-ix86+x86_64 1.8 15.00 82.00 97.00 NOTE
r-oldrel-osx-x86_64 1.8 NOTE

Check Details

Version: 1.8
Check: installed package size
Result: NOTE
     installed size is 6.4Mb
     sub-directories of 1Mb or more:
     java 5.1Mb
Flavors: r-devel-linux-x86_64-fedora-clang, r-devel-windows-ix86+x86_64, r-devel-windows-ix86+x86_64-gcc8, r-patched-solaris-x86, r-release-windows-ix86+x86_64, r-release-osx-x86_64, r-oldrel-windows-ix86+x86_64, r-oldrel-osx-x86_64