CRAN Package Check Results for Package PopGenReport

Last updated on 2020-01-27 00:48:13 CET.

Flavor Version Tinstall Tcheck Ttotal Status Flags
r-devel-linux-x86_64-debian-clang 3.0.4 24.96 224.47 249.43 OK
r-devel-linux-x86_64-debian-gcc 3.0.4 21.10 171.99 193.09 OK
r-devel-linux-x86_64-fedora-clang 3.0.4 307.36 NOTE
r-devel-linux-x86_64-fedora-gcc 3.0.4 335.86 OK
r-devel-windows-ix86+x86_64 3.0.4 72.00 315.00 387.00 OK
r-devel-windows-ix86+x86_64-gcc8 3.0.4 81.00 309.00 390.00 OK
r-patched-linux-x86_64 3.0.4 23.84 194.40 218.24 OK
r-patched-solaris-x86 3.0.4 394.60 OK
r-release-linux-x86_64 3.0.4 20.44 198.80 219.24 OK
r-release-windows-ix86+x86_64 3.0.4 37.00 203.00 240.00 OK
r-release-osx-x86_64 3.0.4 OK
r-oldrel-windows-ix86+x86_64 3.0.4 25.00 192.00 217.00 OK
r-oldrel-osx-x86_64 3.0.4 OK

Check Details

Version: 3.0.4
Check: package dependencies
Result: NOTE
    Imports includes 21 non-default packages.
    Importing from so many packages makes the package vulnerable to any of
    them becoming unavailable. Move as many as possible to Suggests and
    use conditionally.
Flavor: r-devel-linux-x86_64-fedora-clang