CRAN Package Check Results for Package PerformanceAnalytics

Last updated on 2020-01-27 00:48:11 CET.

Flavor Version Tinstall Tcheck Ttotal Status Flags
r-devel-linux-x86_64-debian-clang 1.5.3 22.46 320.27 342.73 OK
r-devel-linux-x86_64-debian-gcc 1.5.3 18.86 237.79 256.65 OK
r-devel-linux-x86_64-fedora-clang 1.5.3 421.26 NOTE
r-devel-linux-x86_64-fedora-gcc 1.5.3 414.53 OK
r-devel-windows-ix86+x86_64 1.5.3 79.00 532.00 611.00 OK --no-vignettes
r-devel-windows-ix86+x86_64-gcc8 1.5.3 51.00 522.00 573.00 OK --no-vignettes
r-patched-linux-x86_64 1.5.3 20.41 281.79 302.20 OK
r-patched-solaris-x86 1.5.3 560.60 OK
r-release-linux-x86_64 1.5.3 18.47 286.45 304.92 OK
r-release-windows-ix86+x86_64 1.5.3 35.00 601.00 636.00 OK --no-vignettes
r-release-osx-x86_64 1.5.3 OK
r-oldrel-windows-ix86+x86_64 1.5.3 36.00 413.00 449.00 OK --no-vignettes
r-oldrel-osx-x86_64 1.5.3 OK

Additional issues

noLD

Check Details

Version: 1.5.3
Check: package dependencies
Result: NOTE
    Suggests orphaned package: ‘gplots’
Flavor: r-devel-linux-x86_64-fedora-clang