CRAN Package Check Results for Package PerMallows

Last updated on 2020-01-27 00:48:11 CET.

Flavor Version Tinstall Tcheck Ttotal Status Flags
r-devel-linux-x86_64-debian-clang 1.13 19.19 30.81 50.00 NOTE
r-devel-linux-x86_64-debian-gcc 1.13 12.42 24.33 36.75 NOTE
r-devel-linux-x86_64-fedora-clang 1.13 74.32 NOTE
r-devel-linux-x86_64-fedora-gcc 1.13 59.93 NOTE
r-devel-windows-ix86+x86_64 1.13 71.00 87.00 158.00 OK
r-devel-windows-ix86+x86_64-gcc8 1.13 58.00 67.00 125.00 OK
r-patched-linux-x86_64 1.13 14.43 28.29 42.72 OK
r-patched-solaris-x86 1.13 73.60 OK
r-release-linux-x86_64 1.13 14.59 28.02 42.61 OK
r-release-windows-ix86+x86_64 1.13 50.00 57.00 107.00 OK
r-release-osx-x86_64 1.13 OK
r-oldrel-windows-ix86+x86_64 1.13 36.00 53.00 89.00 OK
r-oldrel-osx-x86_64 1.13 OK

Additional issues

rchk

Check Details

Version: 1.13
Check: for non-standard things in the check directory
Result: NOTE
    Found the following files/directories:
     'permus_per_dist_4' 'permus_per_shape_bin_4_0'
     'permus_per_shape_bin_4_1' 'permus_per_shape_bin_4_2'
     'permus_per_shape_bin_4_3'
Flavors: r-devel-linux-x86_64-debian-clang, r-devel-linux-x86_64-debian-gcc, r-devel-linux-x86_64-fedora-clang, r-devel-linux-x86_64-fedora-gcc