CRAN Package Check Results for Package PearsonDS

Last updated on 2020-01-27 00:48:10 CET.

Flavor Version Tinstall Tcheck Ttotal Status Flags
r-devel-linux-x86_64-debian-clang 1.1 9.65 33.30 42.95 OK
r-devel-linux-x86_64-debian-gcc 1.1 1.35 1.90 3.25 ERROR
r-devel-linux-x86_64-fedora-clang 1.1 5.63 ERROR
r-devel-linux-x86_64-fedora-gcc 1.1 2.92 ERROR
r-devel-windows-ix86+x86_64 1.1 36.00 78.00 114.00 OK
r-devel-windows-ix86+x86_64-gcc8 1.1 21.00 56.00 77.00 OK
r-patched-linux-x86_64 1.1 6.41 30.19 36.60 OK
r-patched-solaris-x86 1.1 60.70 OK
r-release-linux-x86_64 1.1 7.43 30.24 37.67 OK
r-release-windows-ix86+x86_64 1.1 22.00 79.00 101.00 OK
r-release-osx-x86_64 1.1 OK
r-oldrel-windows-ix86+x86_64 1.1 17.00 49.00 66.00 OK
r-oldrel-osx-x86_64 1.1 OK

Check Details

Version: 1.1
Check: whether package can be installed
Result: ERROR
    Installation failed.
Flavors: r-devel-linux-x86_64-debian-gcc, r-devel-linux-x86_64-fedora-clang, r-devel-linux-x86_64-fedora-gcc