CRAN Package Check Results for Package PROJ

Last updated on 2020-01-27 00:48:13 CET.

Flavor Version Tinstall Tcheck Ttotal Status Flags
r-devel-linux-x86_64-debian-clang 0.1.0 6.08 26.01 32.09 OK
r-devel-linux-x86_64-debian-gcc 0.1.0 3.37 20.93 24.30 OK
r-devel-linux-x86_64-fedora-clang 0.1.0 39.86 OK
r-devel-linux-x86_64-fedora-gcc 0.1.0 37.16 OK
r-devel-windows-ix86+x86_64 0.1.0 31.00 110.00 141.00 NOTE
r-devel-windows-ix86+x86_64-gcc8 0.1.0 23.00 101.00 124.00 NOTE
r-patched-linux-x86_64 0.1.0 3.50 24.32 27.82 OK
r-patched-solaris-x86 0.1.0 47.40 OK
r-release-linux-x86_64 0.1.0 3.60 24.27 27.87 OK
r-release-windows-ix86+x86_64 0.1.0 19.00 80.00 99.00 NOTE
r-release-osx-x86_64 0.1.0 OK
r-oldrel-windows-ix86+x86_64 0.1.0 19.00 75.00 94.00 NOTE
r-oldrel-osx-x86_64 0.1.0 OK

Check Details

Version: 0.1.0
Check: installed package size
Result: NOTE
     installed size is 12.4Mb
     sub-directories of 1Mb or more:
     libs 7.2Mb
     proj 5.0Mb
Flavors: r-devel-windows-ix86+x86_64, r-devel-windows-ix86+x86_64-gcc8, r-release-windows-ix86+x86_64, r-oldrel-windows-ix86+x86_64