CRAN Package Check Results for Package PCMBase

Last updated on 2020-01-27 00:48:10 CET.

Flavor Version Tinstall Tcheck Ttotal Status Flags
r-devel-linux-x86_64-debian-clang 1.2.11 23.11 248.37 271.48 OK
r-devel-linux-x86_64-debian-gcc 1.2.11 20.67 187.23 207.90 OK
r-devel-linux-x86_64-fedora-clang 1.2.11 309.19 OK
r-devel-linux-x86_64-fedora-gcc 1.2.11 305.97 OK
r-devel-windows-ix86+x86_64 1.2.11 42.00 289.00 331.00 OK
r-devel-windows-ix86+x86_64-gcc8 1.2.11 55.00 297.00 352.00 OK
r-patched-linux-x86_64 1.2.11 22.02 214.12 236.14 OK
r-patched-solaris-x86 1.2.11 321.80 OK
r-release-linux-x86_64 1.2.11 22.28 213.64 235.92 OK
r-release-windows-ix86+x86_64 1.2.11 33.00 184.00 217.00 OK
r-release-osx-x86_64 1.2.11 OK
r-oldrel-windows-ix86+x86_64 1.2.11 23.00 168.00 191.00 WARN
r-oldrel-osx-x86_64 1.2.11 WARN

Check Details

Version: 1.2.11
Check: whether package can be installed
Result: WARN
    Found the following significant warnings:
     Warning: S3 methods '[.fun_list', '[.grouped_df', 'all.equal.tbl_df', 'anti_join.data.frame', 'anti_join.tbl_df', 'arrange.data.frame', 'arrange.default', 'arrange.grouped_df', 'arrange.tbl_df', 'arrange_.data.frame', 'arrange_.tbl_df', 'as.data.frame.grouped_df', 'as.data.frame.rowwise_df', 'as.data.frame.tbl_cube', 'as.table.tbl_cube', 'as.tbl.data.frame', 'as.tbl.tbl', 'as.tbl_cube.array', 'as.tbl_cube.data.frame', 'as.tbl_cube.matrix', 'as.tbl_cube.table', 'as_tibble.grouped_df', 'as_tibble.tbl_cube', 'auto_copy.tbl_cube', 'auto_copy.tbl_df', 'cbind.grouped_df', 'collapse.data.frame', 'collect.data.frame', 'common_by.NULL', 'common_by.character', 'common_by.default', 'common_by.list', 'compute.data.frame', 'copy_to.DBIConnection', 'copy_to.src_local', 'default_missing.data.frame', 'default_missing.default', 'dim.tbl_cube', 'distinct.data.frame', 'distinct.default', 'distinct.grouped_df', 'distinct.tbl_df', 'distinct_.data.frame', 'distinct_.grouped_df', 'distinct_.tbl_df', 'do.NULL', 'do.da [... truncated]
Flavor: r-oldrel-windows-ix86+x86_64

Version: 1.2.11
Check: re-building of vignette outputs
Result: WARN
    Error in re-building vignettes:
     ...
    Warning in engine$weave(file, quiet = quiet, encoding = enc) :
     Pandoc (>= 1.12.3) and/or pandoc-citeproc not available. Falling back to R Markdown v1.
    Failed with error: 'object 'as_data_frame' is not exported by 'namespace:tidytree''
    Quitting from lines 37-53 (PCMBase.Rmd)
    Error: processing vignette 'PCMBase.Rmd' failed with diagnostics:
    argument is not interpretable as logical
    Execution halted
Flavor: r-oldrel-osx-x86_64