CRAN Package Check Results for Package PAFway

Last updated on 2020-01-27 00:48:10 CET.

Flavor Version Tinstall Tcheck Ttotal Status Flags
r-devel-linux-x86_64-debian-clang 0.1.2 2.13 179.39 181.52 OK
r-devel-linux-x86_64-debian-gcc 0.1.2 1.99 129.55 131.54 OK
r-devel-linux-x86_64-fedora-clang 0.1.2 201.69 WARN
r-devel-linux-x86_64-fedora-gcc 0.1.2 194.45 NOTE
r-devel-windows-ix86+x86_64 0.1.2 11.00 219.00 230.00 OK
r-devel-windows-ix86+x86_64-gcc8 0.1.2 12.00 228.00 240.00 OK
r-patched-linux-x86_64 0.1.2 1.72 148.93 150.65 OK
r-patched-solaris-x86 0.1.2 212.00 NOTE
r-release-linux-x86_64 0.1.2 1.80 151.07 152.87 OK
r-release-windows-ix86+x86_64 0.1.2 5.00 128.00 133.00 OK
r-release-osx-x86_64 0.1.2 NOTE
r-oldrel-windows-ix86+x86_64 0.1.2 3.00 242.00 245.00 OK
r-oldrel-osx-x86_64 0.1.2 NOTE

Check Details

Version: 0.1.2
Check: package dependencies
Result: WARN
    Requires orphaned package: ‘gplots’
Flavor: r-devel-linux-x86_64-fedora-clang

Version: 0.1.2
Check: dependencies in R code
Result: NOTE
    Namespaces in Imports field not imported from:
     ‘network’ ‘scales’ ‘sna’
     All declared Imports should be used.
Flavors: r-devel-linux-x86_64-fedora-clang, r-devel-linux-x86_64-fedora-gcc, r-patched-solaris-x86, r-release-osx-x86_64, r-oldrel-osx-x86_64