Last updated on 2020-01-27 00:48:10 CET.
Flavor | Version | Tinstall | Tcheck | Ttotal | Status | Flags |
---|---|---|---|---|---|---|
r-devel-linux-x86_64-debian-clang | 1.1 | 3.68 | 37.04 | 40.72 | OK | |
r-devel-linux-x86_64-debian-gcc | 1.1 | 3.30 | 29.25 | 32.55 | OK | |
r-devel-linux-x86_64-fedora-clang | 1.1 | 50.27 | NOTE | |||
r-devel-linux-x86_64-fedora-gcc | 1.1 | 48.41 | NOTE | |||
r-devel-windows-ix86+x86_64 | 1.1 | 15.00 | 62.00 | 77.00 | OK | |
r-devel-windows-ix86+x86_64-gcc8 | 1.1 | 18.00 | 68.00 | 86.00 | OK | |
r-patched-linux-x86_64 | 1.1 | 3.39 | 33.67 | 37.06 | OK | |
r-patched-solaris-x86 | 1.1 | 62.40 | NOTE | |||
r-release-linux-x86_64 | 1.1 | 3.17 | 33.14 | 36.31 | OK | |
r-release-windows-ix86+x86_64 | 1.1 | 8.00 | 45.00 | 53.00 | OK | |
r-release-osx-x86_64 | 1.1 | NOTE | ||||
r-oldrel-windows-ix86+x86_64 | 1.1 | 6.00 | 40.00 | 46.00 | OK | |
r-oldrel-osx-x86_64 | 1.1 | NOTE |
Version: 1.1
Check: dependencies in R code
Result: NOTE
Namespace in Imports field not imported from: ‘geometry’
All declared Imports should be used.
Flavors: r-devel-linux-x86_64-fedora-clang, r-devel-linux-x86_64-fedora-gcc, r-patched-solaris-x86, r-release-osx-x86_64, r-oldrel-osx-x86_64